{"id":46635,"date":"2022-05-03T18:12:36","date_gmt":"2022-05-03T17:12:36","guid":{"rendered":"https:\/\/ventesengros.fr\/?post_type=product&#038;p=46635"},"modified":"2024-06-20T09:18:37","modified_gmt":"2024-06-20T08:18:37","slug":"miel-de-nigelle-au-kilo","status":"publish","type":"product","link":"https:\/\/ventesengros.fr\/pt\/grossiste\/mel-de-cominhos-pretos-por-quilo\/","title":{"rendered":"Mel de nigela ao quilo"},"content":{"rendered":"<p>Le\u00a0<strong>mel de cominho preto por atacado<\/strong>\u00a0\u00e9 um produto cobi\u00e7ado por consumidores exigentes que se preocupam com o seu bem-estar e querem fazer poupan\u00e7as substanciais. O mel de cominho preto, tamb\u00e9m conhecido como \u00abmel ao quilo\u00bb, \u00e9 a solu\u00e7\u00e3o ideal para quem procura um produto saud\u00e1vel, natural e de qualidade a um pre\u00e7o imbat\u00edvel.<\/p>\n<h2><strong>A origem do mel de cominho preto a granel<\/strong><\/h2>\n<p>O mel de cominho preto \u00e9 o resultado da colabora\u00e7\u00e3o entre as abelhas e a planta do cominho preto, tamb\u00e9m conhecida como nigella.\u00a0<strong>cominho preto<\/strong> ou <a href=\"https:\/\/ventesengros.fr\/pt\/grossiste\/sementes-de-cominho-preto-de-marrocos-100g-2\/\"><strong>sementes de cominho preto<\/strong><\/a>. As suas propriedades medicinais s\u00e3o conhecidas desde a Antiguidade, nomeadamente na \u00c1sia e no M\u00e9dio Oriente. \u00c9 muito utilizada na farmacopeia tradicional, nomeadamente pelas suas propriedades anti-inflamat\u00f3rias, antibacterianas e antioxidantes. Quando estas sementes s\u00e3o recolhidas pelas abelhas, produzem um mel delicioso, com sabores subtis e carater\u00edsticas excepcionais.<\/p>\n<h2><strong>Os benef\u00edcios para a sa\u00fade do mel de cominhos pretos<\/strong><\/h2>\n<p>Gra\u00e7as \u00e0s sementes de cominho preto contidas neste precioso n\u00e9ctar, o mel de cominho preto tem muitos benef\u00edcios para a sa\u00fade.<\/p>\n<p>Estes incluem:<\/p>\n<ul>\n<li><strong>Elevado poder antioxidante<\/strong><\/li>\n<\/ul>\n<p>O mel de cominho preto \u00e9 <a href=\"https:\/\/www.huiles-de-nigelle.com\/collection\/miel-de-nigelle\/\" target=\"_blank\" rel=\"noopener\"><strong>muito rico em polifen\u00f3is<\/strong><\/a> e outros compostos antioxidantes, que ajudam a combater o stress oxidativo, respons\u00e1vel pelo envelhecimento prematuro das nossas c\u00e9lulas. O seu elevado teor de antioxidantes torna-o um aliado ideal para preservar a nossa juventude e vitalidade.<\/p>\n<ul>\n<li><strong>Fortes propriedades anti-inflamat\u00f3rias<\/strong><\/li>\n<\/ul>\n<p>Este mel tem propriedades calmantes para as inflama\u00e7\u00f5es da pele e as irrita\u00e7\u00f5es da garganta, gra\u00e7as nomeadamente \u00e0 sua composi\u00e7\u00e3o em \u00e1cidos gordos essenciais e vitaminas beta-caroteno. \u00c9 particularmente recomendado em casos de angina, faringite ou rinite al\u00e9rgica.<\/p>\n<ul>\n<li><strong>A\u00e7\u00e3o ben\u00e9fica na regula\u00e7\u00e3o do sistema imunit\u00e1rio<\/strong><\/li>\n<\/ul>\n<p>Ao estimular a produ\u00e7\u00e3o de determinadas subst\u00e2ncias, como o interfer\u00e3o, o mel de cominho preto poderia ajudar o nosso organismo a fazer face \u00e0s agress\u00f5es externas, quer se trate de bact\u00e9rias ou de v\u00edrus, refor\u00e7ando assim a nossa capacidade de resist\u00eancia \u00e0s infec\u00e7\u00f5es.<\/p>\n<h2><strong>Porqu\u00ea escolher este produto de colmeia por atacado?<\/strong><\/h2>\n<p>A compra de\u00a0<strong>mel de cominhos pretos por quilo<\/strong>\u00a0tem uma s\u00e9rie de vantagens ineg\u00e1veis:<\/p>\n<ul>\n<li><strong>Um bom pre\u00e7o<\/strong><\/li>\n<\/ul>\n<p>Ao optar por comprar o seu mel de nigela a granel, pode beneficiar de um pre\u00e7o excecional, muito inferior aos pre\u00e7os cobrados pelos frascos de mel convencionais vendidos nas lojas. A t\u00edtulo indicativo, pode esperar pagar cerca de\u00a0<strong>15 euros por quilo<\/strong>, um pre\u00e7o muito acess\u00edvel para uma pepita t\u00e3o gourmet.<\/p>\n<ul>\n<li><strong>Embalagem adaptada \u00e0s suas necessidades<\/strong><\/li>\n<\/ul>\n<p>Quando se compra mel de nigela a granel, \u00e9 poss\u00edvel escolher entre v\u00e1rios formatos, desde as saquetas de 100 gramas at\u00e9 aos potes de meio quilo ou de quilo, passando por lotes de v\u00e1rios quilos. Quer se trate de um particular ou de um profissional, encontrar\u00e1 certamente a oferta que mais lhe conv\u00e9m.<\/p>\n<ul>\n<li><strong>Qualidade garantida<\/strong><\/li>\n<\/ul>\n<p>Compr\u00e1-lo por grosso significa tamb\u00e9m que obt\u00e9m um produto aut\u00eantico e natural, sem conservantes, corantes ou aditivos geneticamente modificados. Al\u00e9m disso, s\u00e3o efectuados controlos rigorosos na produ\u00e7\u00e3o para garantir que apenas as melhores sementes de nigela s\u00e3o utilizadas para fazer este precioso mel.<\/p>\n<h2><strong>As diferentes aplica\u00e7\u00f5es do mel de cominho preto a granel<\/strong><\/h2>\n<p>O mel de cominhos pretos pode ser utilizado de v\u00e1rias formas:<\/p>\n<ol>\n<li>Na cozinha, real\u00e7a tanto os pratos salgados como os doces gra\u00e7as aos seus sabores delicados e ligeiramente picantes. Pode ser utilizado para preparar marinadas saborosas para carne e peixe, ou para confecionar sobremesas gourmet, como biscoitos e tartes.<\/li>\n<li>Em cosm\u00e9tica, o mel de cominho preto pode ser utilizado para fazer m\u00e1scaras caseiras para acalmar a pele irritada, seca ou com manchas. Tamb\u00e9m pode ser incorporado em b\u00e1lsamos ou cremes hidratantes naturais.<\/li>\n<li>No dia a dia, pode ser consumido tal e qual, \u00e0 colherada, para tirar o m\u00e1ximo partido dos seus benef\u00edcios para a sa\u00fade.<\/li>\n<\/ol>\n<h3><strong>Como \u00e9 que escolhe o seu fornecedor em 2024?<\/strong><\/h3>\n<p>Para ter a certeza de que compra\u00a0<strong>mel de cominho preto por atacado<\/strong>\u00a0de excelente qualidade e provenientes diretamente dos produtores, h\u00e1 uma s\u00e9rie de crit\u00e9rios a ter em conta na escolha:<\/p>\n<ul>\n<li>Escolha uma empresa de renome especializada na venda de produtos naturais e biol\u00f3gicos.<\/li>\n<li>Preste aten\u00e7\u00e3o \u00e0 rastreabilidade dos produtos, para garantir que prov\u00eam de api\u00e1rios e produtores cuidadosamente selecionados.<\/li>\n<li>Verificar se as condi\u00e7\u00f5es de produ\u00e7\u00e3o e de comercializa\u00e7\u00e3o respeitam as normas europeias em vigor, nomeadamente em mat\u00e9ria de higiene e de seguran\u00e7a alimentar.<\/li>\n<\/ul>\n<p>Ao escolher sabiamente o seu fornecedor grossista de mel de cominho preto, pode beneficiar de um produto que \u00e9 excecionalmente bom para a sua sa\u00fade e para o seu paladar, ao mesmo tempo que contribui para a preserva\u00e7\u00e3o do ambiente e para o desenvolvimento de uma agricultura sustent\u00e1vel que se concentra na qualidade e n\u00e3o na quantidade.<\/p>","protected":false},"excerpt":{"rendered":"<p><span class=\"\">Sugerimos o mel de cominho preto, <\/span><span style=\"color: #073763;\"><b>vendido <\/b><\/span><span style=\"color: #073763;\">Quilo a 29 euros<\/span><\/p>\n<p>Pre\u00e7o de retalho recomendado: 40,00-50,00 euros.<\/p>\n<p><b><span style=\"color: #00ff00;\">1 lote : <\/span><\/b>29.00\u20ac\/Kg<\/p>","protected":false},"featured_media":46636,"template":"","meta":[],"product_brand":[],"product_cat":[596],"product_tag":[],"class_list":{"0":"post-46635","1":"product","2":"type-product","3":"status-publish","4":"has-post-thumbnail","6":"product_cat-miel-alimentation","8":"first","9":"instock","10":"shipping-taxable","11":"purchasable","12":"product-type-simple"},"_links":{"self":[{"href":"https:\/\/ventesengros.fr\/pt\/wp-json\/wp\/v2\/product\/46635","targetHints":{"allow":["GET"]}}],"collection":[{"href":"https:\/\/ventesengros.fr\/pt\/wp-json\/wp\/v2\/product"}],"about":[{"href":"https:\/\/ventesengros.fr\/pt\/wp-json\/wp\/v2\/types\/product"}],"wp:featuredmedia":[{"embeddable":true,"href":"https:\/\/ventesengros.fr\/pt\/wp-json\/wp\/v2\/media\/46636"}],"wp:attachment":[{"href":"https:\/\/ventesengros.fr\/pt\/wp-json\/wp\/v2\/media?parent=46635"}],"wp:term":[{"taxonomy":"product_brand","embeddable":true,"href":"https:\/\/ventesengros.fr\/pt\/wp-json\/wp\/v2\/product_brand?post=46635"},{"taxonomy":"product_cat","embeddable":true,"href":"https:\/\/ventesengros.fr\/pt\/wp-json\/wp\/v2\/product_cat?post=46635"},{"taxonomy":"product_tag","embeddable":true,"href":"https:\/\/ventesengros.fr\/pt\/wp-json\/wp\/v2\/product_tag?post=46635"}],"curies":[{"name":"wp","href":"https:\/\/api.w.org\/{rel}","templated":true}]}}

<p>Le <strong>mel de cominho preto por atacado</strong> é um produto cobiçado por consumidores exigentes que se preocupam com o seu bem-estar e querem fazer poupanças substanciais. O mel de cominho preto, também conhecido como «mel ao quilo», é a solução ideal para quem procura um produto saudável, natural e de qualidade a um preço imbatível.</p>
<h2><strong>A origem do mel de cominho preto a granel</strong></h2>
<p>O mel de cominho preto é o resultado da colaboração entre as abelhas e a planta do cominho preto, também conhecida como nigella. <strong>cominho preto</strong> ou <a href="https://ventesengros.fr/pt/grossiste/sementes-de-cominho-preto-de-marrocos-100g-2/"><strong>sementes de cominho preto</strong></a>. As suas propriedades medicinais são conhecidas desde a Antiguidade, nomeadamente na Ásia e no Médio Oriente. É muito utilizada na farmacopeia tradicional, nomeadamente pelas suas propriedades anti-inflamatórias, antibacterianas e antioxidantes. Quando estas sementes são recolhidas pelas abelhas, produzem um mel delicioso, com sabores subtis e caraterísticas excepcionais.</p>
<h2><strong>Os benefícios para a saúde do mel de cominhos pretos</strong></h2>
<p>Graças às sementes de cominho preto contidas neste precioso néctar, o mel de cominho preto tem muitos benefícios para a saúde.</p>
<p>Estes incluem:</p>
<ul>
<li><strong>Elevado poder antioxidante</strong></li>
</ul>
<p>O mel de cominho preto é <a href="https://www.huiles-de-nigelle.com/collection/miel-de-nigelle/" target="_blank" rel="noopener"><strong>muito rico em polifenóis</strong></a> e outros compostos antioxidantes, que ajudam a combater o stress oxidativo, responsável pelo envelhecimento prematuro das nossas células. O seu elevado teor de antioxidantes torna-o um aliado ideal para preservar a nossa juventude e vitalidade.</p>
<ul>
<li><strong>Fortes propriedades anti-inflamatórias</strong></li>
</ul>
<p>Este mel tem propriedades calmantes para as inflamações da pele e as irritações da garganta, graças nomeadamente à sua composição em ácidos gordos essenciais e vitaminas beta-caroteno. É particularmente recomendado em casos de angina, faringite ou rinite alérgica.</p>
<ul>
<li><strong>Ação benéfica na regulação do sistema imunitário</strong></li>
</ul>
<p>Ao estimular a produção de determinadas substâncias, como o interferão, o mel de cominho preto poderia ajudar o nosso organismo a fazer face às agressões externas, quer se trate de bactérias ou de vírus, reforçando assim a nossa capacidade de resistência às infecções.</p>
<h2><strong>Porquê escolher este produto de colmeia por atacado?</strong></h2>
<p>A compra de <strong>mel de cominhos pretos por quilo</strong> tem uma série de vantagens inegáveis:</p>
<ul>
<li><strong>Um bom preço</strong></li>
</ul>
<p>Ao optar por comprar o seu mel de nigela a granel, pode beneficiar de um preço excecional, muito inferior aos preços cobrados pelos frascos de mel convencionais vendidos nas lojas. A título indicativo, pode esperar pagar cerca de <strong>15 euros por quilo</strong>, um preço muito acessível para uma pepita tão gourmet.</p>
<ul>
<li><strong>Embalagem adaptada às suas necessidades</strong></li>
</ul>
<p>Quando se compra mel de nigela a granel, é possível escolher entre vários formatos, desde as saquetas de 100 gramas até aos potes de meio quilo ou de quilo, passando por lotes de vários quilos. Quer se trate de um particular ou de um profissional, encontrará certamente a oferta que mais lhe convém.</p>
<ul>
<li><strong>Qualidade garantida</strong></li>
</ul>
<p>Comprá-lo por grosso significa também que obtém um produto autêntico e natural, sem conservantes, corantes ou aditivos geneticamente modificados. Além disso, são efectuados controlos rigorosos na produção para garantir que apenas as melhores sementes de nigela são utilizadas para fazer este precioso mel.</p>
<h2><strong>As diferentes aplicações do mel de cominho preto a granel</strong></h2>
<p>O mel de cominhos pretos pode ser utilizado de várias formas:</p>
<ol>
<li>Na cozinha, realça tanto os pratos salgados como os doces graças aos seus sabores delicados e ligeiramente picantes. Pode ser utilizado para preparar marinadas saborosas para carne e peixe, ou para confecionar sobremesas gourmet, como biscoitos e tartes.</li>
<li>Em cosmética, o mel de cominho preto pode ser utilizado para fazer máscaras caseiras para acalmar a pele irritada, seca ou com manchas. Também pode ser incorporado em bálsamos ou cremes hidratantes naturais.</li>
<li>No dia a dia, pode ser consumido tal e qual, à colherada, para tirar o máximo partido dos seus benefícios para a saúde.</li>
</ol>
<h3><strong>Como é que escolhe o seu fornecedor em 2024?</strong></h3>
<p>Para ter a certeza de que compra <strong>mel de cominho preto por atacado</strong> de excelente qualidade e provenientes diretamente dos produtores, há uma série de critérios a ter em conta na escolha:</p>
<ul>
<li>Escolha uma empresa de renome especializada na venda de produtos naturais e biológicos.</li>
<li>Preste atenção à rastreabilidade dos produtos, para garantir que provêm de apiários e produtores cuidadosamente selecionados.</li>
<li>Verificar se as condições de produção e de comercialização respeitam as normas europeias em vigor, nomeadamente em matéria de higiene e de segurança alimentar.</li>
</ul>
<p>Ao escolher sabiamente o seu fornecedor grossista de mel de cominho preto, pode beneficiar de um produto que é excecionalmente bom para a sua saúde e para o seu paladar, ao mesmo tempo que contribui para a preservação do ambiente e para o desenvolvimento de uma agricultura sustentável que se concentra na qualidade e não na quantidade.</p>

<p><span class="">Sugerimos o mel de cominho preto, </span><span style="color: #073763;"><b>vendido </b></span><span style="color: #073763;">Quilo a 29 euros</span></p>
<p>Preço de retalho recomendado: 40,00-50,00 euros.</p>
<p><b><span style="color: #00ff00;">1 lote : </span></b>29.00€/Kg</p>
