{"id":39796,"date":"2020-09-11T14:38:58","date_gmt":"2020-09-11T13:38:58","guid":{"rendered":"https:\/\/ventesengros.fr\/?post_type=product&#038;p=39796"},"modified":"2024-03-20T12:53:02","modified_gmt":"2024-03-20T11:53:02","slug":"flacon-a-khol-traditionnel-en-bois-noir-fait-main-lot-de-6","status":"publish","type":"product","link":"https:\/\/ventesengros.fr\/pt\/grossiste\/conjunto-de-6-frascos-tradicionais-de-madeira-preta-para-khol-feitos-a-mao\/","title":{"rendered":"Frasco de kohl tradicional em madeira - feito \u00e0 m\u00e3o (embalagem de 6)"},"content":{"rendered":"","protected":false},"excerpt":{"rendered":"<p>Oferecemos-lhe este Kh\u00f4l tradicional em madeira preta\u00a0<strong><span style=\"color: #0000ff;\">vendido em embalagens de 6 unidades. <\/span><\/strong><\/p>\n<ul>\n<li><b>Pre\u00e7o de retalho do Kh\u00f4l<span class=\"Apple-converted-space\">\u00a0<\/span>:<\/b>\u00a0<span style=\"color: #ff0000;\"><strong>1,10\u20ac<\/strong><\/span><\/li>\n<\/ul>","protected":false},"featured_media":39797,"template":"","meta":[],"product_brand":[],"product_cat":[59,60,1529,1558],"product_tag":[],"class_list":{"0":"post-39796","1":"product","2":"type-product","3":"status-publish","4":"has-post-thumbnail","6":"product_cat-soin-et-bien-etre","7":"product_cat-bazar","8":"product_cat-grossiste-khol","9":"product_cat-grossiste-maquillage-marocain","11":"first","12":"instock","13":"shipping-taxable","14":"purchasable","15":"product-type-simple"},"_links":{"self":[{"href":"https:\/\/ventesengros.fr\/pt\/wp-json\/wp\/v2\/product\/39796","targetHints":{"allow":["GET"]}}],"collection":[{"href":"https:\/\/ventesengros.fr\/pt\/wp-json\/wp\/v2\/product"}],"about":[{"href":"https:\/\/ventesengros.fr\/pt\/wp-json\/wp\/v2\/types\/product"}],"wp:featuredmedia":[{"embeddable":true,"href":"https:\/\/ventesengros.fr\/pt\/wp-json\/wp\/v2\/media\/39797"}],"wp:attachment":[{"href":"https:\/\/ventesengros.fr\/pt\/wp-json\/wp\/v2\/media?parent=39796"}],"wp:term":[{"taxonomy":"product_brand","embeddable":true,"href":"https:\/\/ventesengros.fr\/pt\/wp-json\/wp\/v2\/product_brand?post=39796"},{"taxonomy":"product_cat","embeddable":true,"href":"https:\/\/ventesengros.fr\/pt\/wp-json\/wp\/v2\/product_cat?post=39796"},{"taxonomy":"product_tag","embeddable":true,"href":"https:\/\/ventesengros.fr\/pt\/wp-json\/wp\/v2\/product_tag?post=39796"}],"curies":[{"name":"wp","href":"https:\/\/api.w.org\/{rel}","templated":true}]}}

Frasco de kohl tradicional em madeira - feito à mão (embalagem de 6)

<p>Oferecemos-lhe este Khôl tradicional em madeira preta <strong><span style="color: #0000ff;">vendido em embalagens de 6 unidades. </span></strong></p>
<ul>
<li><b>Preço de retalho do Khôl<span class="Apple-converted-space"> </span>:</b> <span style="color: #ff0000;"><strong>1,10€</strong></span></li>
</ul>
