{"id":38253,"date":"2020-04-14T12:20:23","date_gmt":"2020-04-14T11:20:23","guid":{"rendered":"https:\/\/ventesengros.fr\/?post_type=product&#038;p=38253"},"modified":"2022-06-30T23:04:33","modified_gmt":"2022-06-30T22:04:33","slug":"huile-doignon","status":"publish","type":"product","link":"https:\/\/ventesengros.fr\/pt\/grossiste\/oleo-de-doignon\/","title":{"rendered":"\u00d3leo de cebola (por litro ou garrafa de 60ml\/120ml)"},"content":{"rendered":"<p>Descubra as virtudes de um excelente produto de cuidado capilar com \u00f3leo de cebola. Mais um cosm\u00e9tico natural com uma rela\u00e7\u00e3o qualidade\/pre\u00e7o comprovada. \u00c9 essencialmente este \u00f3leo que vai dar um brilho inigual\u00e1vel ao seu couro cabeludo.<\/p>\n<h2><b>\u00d3leo de cebola: uma importante fonte de queratina<\/b><\/h2>\n<p>O \u00f3leo de cebola \u00e9 de qualidade. N\u00e3o pense que \u00e9 feito de filetes de vegetais com desconto. Os cosmetologistas concordaram que o \u00f3leo de cebola deve ser feito a partir do bolbo da cebola vermelha. Esta \u00e9 uma das esp\u00e9cies de aliaceas conhecidas pela sua qualidade superior. E \u00e9 precisamente esta cebola que confere ao \u00f3leo de cebola todo o poder que esperamos. E porqu\u00ea? Porque a variedade vermelha \u00e9 rica em enxofre. E \u00e9 este enxofre que d\u00e1 ao cabelo a sua for\u00e7a e vitalidade.<\/p>\n<p>De facto, o enxofre contido no \u00f3leo de cebola \u00e9 a subst\u00e2ncia proteica contida na queratina. Esta subst\u00e2ncia natural produzida pelos cabelos e pelas unhas refor\u00e7a estas duas partes do corpo. Descubra tamb\u00e9m\u2019<a href=\"https:\/\/ventesengros.fr\/pt\/grossiste\/oleo-diario\/\"><strong>\u00f3leo de alho<\/strong><\/a> !<\/p>\n<h2><b>Ent\u00e3o, gosta mais de queratina ou n\u00e3o gosta de nada?<\/b><\/h2>\n<p>Em suma, a queratina \u00e9 uma subst\u00e2ncia natural produzida pelos nossos cabelos e unhas. Assim, o \u00f3leo de cebola favorece esta a\u00e7\u00e3o e estimula o crescimento do cabelo. Tamb\u00e9m ajuda a combater a queda de cabelo. Assim, se procura um crescimento r\u00e1pido do cabelo, o \u00f3leo de cebola \u00e9 a resposta.\u2019<a href=\"https:\/\/manelya.com\/produit\/huile-doignon\/\" rel=\"noopener\"><strong>\u00f3leo de cebola<\/strong><\/a> \u00e9 o ideal. Para as pessoas que se encontram na fase inicial da calv\u00edcie, a utiliza\u00e7\u00e3o deste \u00f3leo \u00e9 igualmente eficaz. No entanto, s\u00f3 deve ser utilizado no in\u00edcio da fase de n\u00e3o crescimento.<\/p>\n<p>Os outros efeitos desej\u00e1veis deste \u00f3leo s\u00e3o vis\u00edveis na sa\u00fade do cabelo. Combate eficazmente a prolifera\u00e7\u00e3o da caspa. Isto \u00e9 poss\u00edvel gra\u00e7as \u00e0s suas propriedades de limpeza. \u00c9 verdade que a caspa n\u00e3o desaparece de repente. \u00c9 frequentemente o resultado de factores externos.<\/p>\n<p>Todos os nossos produtos est\u00e3o dispon\u00edveis em marca branca (<a href=\"https:\/\/ventesengros.fr\/pt\/contacto\/\"><strong>a pedido<\/strong><\/a>)<\/p>\n<p>Pre\u00e7o decrescente em 10 lotes desconto de 10% (<a href=\"https:\/\/ventesengros.fr\/pt\/contacto\/\"><strong>a pedido<\/strong><\/a>)<\/p>\n<p>Fotografia n\u00e3o contratual<\/p>","protected":false},"excerpt":{"rendered":"<p>Oferecemos este \u00f3leo de cebola em <strong><span style=\"color: #0000ff;\">Garrafa de 1 litro ou 12 garrafas de 60ml \/ 120ml. <\/span><span style=\"color: #000000;\">Pre\u00e7os de afilamento.<\/span><\/strong><\/p>\n<ul>\n<li><b>Pre\u00e7o por litro <span class=\"Apple-converted-space\">\u00a0 <\/span>:<\/b>\u00a0<span style=\"color: #ff0000;\"><strong>22,90\u20ac<\/strong><\/span><\/li>\n<li><b>Pre\u00e7o do frasco de 120ml <span class=\"Apple-converted-space\">\u00a0 <\/span>:<\/b>\u00a0<strong><span style=\"color: #ff0000;\">5,39\u20ac<\/span><\/strong><\/li>\n<li><b>Pre\u00e7o do frasco de 60ml <span class=\"Apple-converted-space\">\u00a0 <\/span>:<\/b>\u00a0<span style=\"color: #ff0000;\"><strong>3,49\u20ac<\/strong><\/span><\/li>\n<\/ul>\n<p><span style=\"color: #ff0000;\"><b>Para mais de 3 lotes, selecionar uma quantidade no cesto.<\/b><\/span><\/p>\n<p>Receba um desconto de 10% nas encomendas de mais de 10 lotes (<span style=\"color: #ff0000;\"><a style=\"color: #ff0000;\" href=\"https:\/\/ventesengros.fr\/pt\/contacto\/\"><strong>contactar-nos<\/strong><\/a><\/span>).<\/p>","protected":false},"featured_media":38264,"template":"","meta":[],"product_brand":[],"product_cat":[59,290,201,606],"product_tag":[],"class_list":{"0":"post-38253","1":"product","2":"type-product","3":"status-publish","4":"has-post-thumbnail","6":"product_cat-soin-et-bien-etre","7":"product_cat-autre","8":"product_cat-huiles-soin-et-bien-etre","9":"product_cat-vrac-par-litre","10":"pa_lot-1-lot-1-litre-2490e-le-litre","11":"pa_lot-1-lot-12-bouteilles-120ml-589e-la-bouteille","12":"pa_lot-1-lot-12-bouteilles-60ml-389e-la-bouteille","13":"pa_lot-2-lots-2-litres-2390e-le-litre","14":"pa_lot-2-lot-24-bouteilles-120ml-569e-la-bouteille","15":"pa_lot-2-lots-24-bouteilles-60ml-369e-la-bouteille","16":"pa_lot-3-lots-3-litres-2290e-le-litre","17":"pa_lot-3-lot-36-bouteilles-120ml-539e-la-bouteille","18":"pa_lot-3-lots-36-bouteilles-60ml-349e-la-bouteille","20":"first","21":"instock","22":"shipping-taxable","23":"purchasable","24":"product-type-variable"},"_links":{"self":[{"href":"https:\/\/ventesengros.fr\/pt\/wp-json\/wp\/v2\/product\/38253","targetHints":{"allow":["GET"]}}],"collection":[{"href":"https:\/\/ventesengros.fr\/pt\/wp-json\/wp\/v2\/product"}],"about":[{"href":"https:\/\/ventesengros.fr\/pt\/wp-json\/wp\/v2\/types\/product"}],"wp:featuredmedia":[{"embeddable":true,"href":"https:\/\/ventesengros.fr\/pt\/wp-json\/wp\/v2\/media\/38264"}],"wp:attachment":[{"href":"https:\/\/ventesengros.fr\/pt\/wp-json\/wp\/v2\/media?parent=38253"}],"wp:term":[{"taxonomy":"product_brand","embeddable":true,"href":"https:\/\/ventesengros.fr\/pt\/wp-json\/wp\/v2\/product_brand?post=38253"},{"taxonomy":"product_cat","embeddable":true,"href":"https:\/\/ventesengros.fr\/pt\/wp-json\/wp\/v2\/product_cat?post=38253"},{"taxonomy":"product_tag","embeddable":true,"href":"https:\/\/ventesengros.fr\/pt\/wp-json\/wp\/v2\/product_tag?post=38253"}],"curies":[{"name":"wp","href":"https:\/\/api.w.org\/{rel}","templated":true}]}}

Óleo de cebola (por litro ou garrafa de 60ml/120ml)

<p>Descubra as virtudes de um excelente produto de cuidado capilar com óleo de cebola. Mais um cosmético natural com uma relação qualidade/preço comprovada. É essencialmente este óleo que vai dar um brilho inigualável ao seu couro cabeludo.</p>
<h2><b>Óleo de cebola: uma importante fonte de queratina</b></h2>
<p>O óleo de cebola é de qualidade. Não pense que é feito de filetes de vegetais com desconto. Os cosmetologistas concordaram que o óleo de cebola deve ser feito a partir do bolbo da cebola vermelha. Esta é uma das espécies de aliaceas conhecidas pela sua qualidade superior. E é precisamente esta cebola que confere ao óleo de cebola todo o poder que esperamos. E porquê? Porque a variedade vermelha é rica em enxofre. E é este enxofre que dá ao cabelo a sua força e vitalidade.</p>
<p>De facto, o enxofre contido no óleo de cebola é a substância proteica contida na queratina. Esta substância natural produzida pelos cabelos e pelas unhas reforça estas duas partes do corpo. Descubra também’<a href="https://ventesengros.fr/pt/grossiste/oleo-diario/"><strong>óleo de alho</strong></a> !</p>
<h2><b>Então, gosta mais de queratina ou não gosta de nada?</b></h2>
<p>Em suma, a queratina é uma substância natural produzida pelos nossos cabelos e unhas. Assim, o óleo de cebola favorece esta ação e estimula o crescimento do cabelo. Também ajuda a combater a queda de cabelo. Assim, se procura um crescimento rápido do cabelo, o óleo de cebola é a resposta.’<a href="https://manelya.com/produit/huile-doignon/" rel="noopener"><strong>óleo de cebola</strong></a> é o ideal. Para as pessoas que se encontram na fase inicial da calvície, a utilização deste óleo é igualmente eficaz. No entanto, só deve ser utilizado no início da fase de não crescimento.</p>
<p>Os outros efeitos desejáveis deste óleo são visíveis na saúde do cabelo. Combate eficazmente a proliferação da caspa. Isto é possível graças às suas propriedades de limpeza. É verdade que a caspa não desaparece de repente. É frequentemente o resultado de factores externos.</p>
<p>Todos os nossos produtos estão disponíveis em marca branca (<a href="https://ventesengros.fr/pt/contacto/"><strong>a pedido</strong></a>)</p>
<p>Preço decrescente em 10 lotes desconto de 10% (<a href="https://ventesengros.fr/pt/contacto/"><strong>a pedido</strong></a>)</p>
<p>Fotografia não contratual</p>

<p>Oferecemos este óleo de cebola em <strong><span style="color: #0000ff;">Garrafa de 1 litro ou 12 garrafas de 60ml / 120ml. </span><span style="color: #000000;">Preços de afilamento.</span></strong></p>
<ul>
<li><b>Preço por litro <span class="Apple-converted-space">  </span>:</b> <span style="color: #ff0000;"><strong>22,90€</strong></span></li>
<li><b>Preço do frasco de 120ml <span class="Apple-converted-space">  </span>:</b> <strong><span style="color: #ff0000;">5,39€</span></strong></li>
<li><b>Preço do frasco de 60ml <span class="Apple-converted-space">  </span>:</b> <span style="color: #ff0000;"><strong>3,49€</strong></span></li>
</ul>
<p><span style="color: #ff0000;"><b>Para mais de 3 lotes, selecionar uma quantidade no cesto.</b></span></p>
<p>Receba um desconto de 10% nas encomendas de mais de 10 lotes (<span style="color: #ff0000;"><a style="color: #ff0000;" href="https://ventesengros.fr/pt/contacto/"><strong>contactar-nos</strong></a></span>).</p>
