{"id":34145,"date":"2016-03-31T15:38:38","date_gmt":"2016-03-31T14:38:38","guid":{"rendered":"https:\/\/ventesengros.fr\/grossiste\/miel-doranger-250g\/"},"modified":"2024-04-12T11:24:36","modified_gmt":"2024-04-12T10:24:36","slug":"miel-doranger-250g","status":"publish","type":"product","link":"https:\/\/ventesengros.fr\/pt\/grossiste\/mel-de-doranger-250g\/","title":{"rendered":"Mel de flor de laranjeira - 8 frascos de 250g"},"content":{"rendered":"<p><b>Mel de laranjeira<\/b>\u00a0\u00e9 um\u00a0<b>n\u00e9ctar<\/b>\u00a0Este a\u00e7\u00facar precioso \u00e9 produzido pelas abelhas e pode ser obtido a partir de v\u00e1rias esp\u00e9cies de flores ou apenas de uma esp\u00e9cie em particular. Este a\u00e7\u00facar natural \u00e9 um dos maiores tesouros da natureza. De facto, por todos os benef\u00edcios e virtudes que cont\u00e9m para o nosso organismo.<\/p>\n<p>De facto, o <a href=\"https:\/\/www.amlou.fr\/product-category\/vente-de-miel\/\" target=\"_blank\" rel=\"noopener noreferrer\"><strong>mel<\/strong><\/a> tem a reputa\u00e7\u00e3o de ser um excelente produto de sa\u00fade, com as suas incr\u00edveis propriedades anti-s\u00e9pticas e curativas. \u00c9 tamb\u00e9m um excelente produto de beleza.<\/p>\n<h2><strong>Mel de laranjeira 250g, qualidade em pequenas quantidades:<\/strong><\/h2>\n<p>Existem m\u00e9is de flores, mas tamb\u00e9m m\u00e9is de \u00e1rvores de fruto, como o\u00a0<b>mel de laranjeira<\/b>. Este mel amarelo-alaranjado \u00e9 conhecido como mel monofloral, pois prov\u00e9m essencialmente da laranjeira. Tem um sabor c\u00edtrico delicado e agradavelmente frutado e uma textura suave e l\u00edquida.<\/p>\n<p>O seu\u00a0<b>atacadista\u00a0<\/b>\u00abO \u00bbOrient Grossiste\" traz-lhe este mel de laranjeira diretamente do Sul de Fran\u00e7a.\u00a0<b>Marrocos. Um produto da colmeia\u00a0<\/b>para comprar\u00a0<b>a granel\u00a0<\/b>em embalagens de 8 frascos. O nosso <a href=\"https:\/\/ventesengros.fr\/pt\/product-category\/soin-et-bien-etre\/alimentation\/miel-alimentation\/\"><strong>mel<\/strong><\/a> \u00e9 vendido em frascos de 250 g, pelo que pode revend\u00ea-lo a retalho ou em frascos mais pequenos, de acordo com as suas necessidades.<\/p>\n<p>Este mel \u00e9 particularmente apreciado para aromatizar ch\u00e1s de ervas, <strong>ch\u00e1 de emagrecimento<\/strong> ou iogurte, e tamb\u00e9m pode ser apreciado em tostas, tal como o <a href=\"https:\/\/www.amlou.fr\" target=\"_blank\" rel=\"noopener noreferrer\"><strong>Amlou marroquino<\/strong><\/a>. \u00c9 muito utilizado em certos pratos, onde o sabor salgado combina perfeitamente com o sabor doce e requintado deste mel.<\/p>\n<p>Este mel est\u00e1 cheio de virtudes e tem a reputa\u00e7\u00e3o de favorecer o sono e de acalmar a ansiedade, o nervosismo e o stress. O seu aroma \u00e9 particularmente agrad\u00e1vel quando utilizado nos cuidados do corpo, do cabelo ou do rosto.<\/p>\n<h2><strong>Um produto para a colmeia com sabor a laranja! \u00a0<\/strong><\/h2>\n<p>Orient Grossiste prop\u00f5e-lhe este mel de excelente qualidade em grandes quantidades. Opte por um pre\u00e7o que desafia toda a concorr\u00eancia, sem esquecer que quanto mais comprar, mais barato ser\u00e1 o pre\u00e7o. Descubra tamb\u00e9m <a href=\"https:\/\/www.miel-imperial.com\/miels-du-monde\/11-54-miel-blanc-du-khirghizistan.html\" target=\"_blank\" rel=\"noopener noreferrer\"><strong>mel branco<\/strong><\/a> ! numa escala m\u00f3vel<\/p>","protected":false},"excerpt":{"rendered":"<p>Oferecemos-lhe este\u00a0<strong><span style=\"color: #000080;\">Mel de flor de laranjeira 250g<\/span>\u00a0<\/strong>vendido em lotes de <span style=\"color: #003366;\"><strong>8 potes de 250g<\/strong><\/span>.<\/p>\n<h5><span style=\"color: #ed1c24;\"><strong>Pre\u00e7o por frasco: 2,45 euros<\/strong><\/span><\/h5>\n<p><strong>1 lote : <span style=\"color: #0ad227;\">2,45\/unidade X 8 = 19,60 euros<\/span><\/strong><\/p>\n<p>&nbsp;<\/p>","protected":false},"featured_media":60364,"template":"","meta":[],"product_brand":[],"product_cat":[206,596,59],"product_tag":[258,974,63,1156],"class_list":{"0":"post-34145","1":"product","2":"type-product","3":"status-publish","4":"has-post-thumbnail","6":"product_cat-alimentation","7":"product_cat-miel-alimentation","8":"product_cat-soin-et-bien-etre","9":"product_tag-en-gros","10":"product_tag-grossiste","11":"product_tag-miel","12":"product_tag-oranger","14":"first","15":"instock","16":"shipping-taxable","17":"purchasable","18":"product-type-simple"},"_links":{"self":[{"href":"https:\/\/ventesengros.fr\/pt\/wp-json\/wp\/v2\/product\/34145","targetHints":{"allow":["GET"]}}],"collection":[{"href":"https:\/\/ventesengros.fr\/pt\/wp-json\/wp\/v2\/product"}],"about":[{"href":"https:\/\/ventesengros.fr\/pt\/wp-json\/wp\/v2\/types\/product"}],"wp:featuredmedia":[{"embeddable":true,"href":"https:\/\/ventesengros.fr\/pt\/wp-json\/wp\/v2\/media\/60364"}],"wp:attachment":[{"href":"https:\/\/ventesengros.fr\/pt\/wp-json\/wp\/v2\/media?parent=34145"}],"wp:term":[{"taxonomy":"product_brand","embeddable":true,"href":"https:\/\/ventesengros.fr\/pt\/wp-json\/wp\/v2\/product_brand?post=34145"},{"taxonomy":"product_cat","embeddable":true,"href":"https:\/\/ventesengros.fr\/pt\/wp-json\/wp\/v2\/product_cat?post=34145"},{"taxonomy":"product_tag","embeddable":true,"href":"https:\/\/ventesengros.fr\/pt\/wp-json\/wp\/v2\/product_tag?post=34145"}],"curies":[{"name":"wp","href":"https:\/\/api.w.org\/{rel}","templated":true}]}}

<p><b>Mel de laranjeira</b> é um <b>néctar</b> Este açúcar precioso é produzido pelas abelhas e pode ser obtido a partir de várias espécies de flores ou apenas de uma espécie em particular. Este açúcar natural é um dos maiores tesouros da natureza. De facto, por todos os benefícios e virtudes que contém para o nosso organismo.</p>
<p>De facto, o <a href="https://www.amlou.fr/product-category/vente-de-miel/" target="_blank" rel="noopener noreferrer"><strong>mel</strong></a> tem a reputação de ser um excelente produto de saúde, com as suas incríveis propriedades anti-sépticas e curativas. É também um excelente produto de beleza.</p>
<h2><strong>Mel de laranjeira 250g, qualidade em pequenas quantidades:</strong></h2>
<p>Existem méis de flores, mas também méis de árvores de fruto, como o <b>mel de laranjeira</b>. Este mel amarelo-alaranjado é conhecido como mel monofloral, pois provém essencialmente da laranjeira. Tem um sabor cítrico delicado e agradavelmente frutado e uma textura suave e líquida.</p>
<p>O seu <b>atacadista </b>«O »Orient Grossiste" traz-lhe este mel de laranjeira diretamente do Sul de França. <b>Marrocos. Um produto da colmeia </b>para comprar <b>a granel </b>em embalagens de 8 frascos. O nosso <a href="https://ventesengros.fr/pt/product-category/soin-et-bien-etre/alimentation/miel-alimentation/"><strong>mel</strong></a> é vendido em frascos de 250 g, pelo que pode revendê-lo a retalho ou em frascos mais pequenos, de acordo com as suas necessidades.</p>
<p>Este mel é particularmente apreciado para aromatizar chás de ervas, <strong>chá de emagrecimento</strong> ou iogurte, e também pode ser apreciado em tostas, tal como o <a href="https://www.amlou.fr" target="_blank" rel="noopener noreferrer"><strong>Amlou marroquino</strong></a>. É muito utilizado em certos pratos, onde o sabor salgado combina perfeitamente com o sabor doce e requintado deste mel.</p>
<p>Este mel está cheio de virtudes e tem a reputação de favorecer o sono e de acalmar a ansiedade, o nervosismo e o stress. O seu aroma é particularmente agradável quando utilizado nos cuidados do corpo, do cabelo ou do rosto.</p>
<h2><strong>Um produto para a colmeia com sabor a laranja!  </strong></h2>
<p>Orient Grossiste propõe-lhe este mel de excelente qualidade em grandes quantidades. Opte por um preço que desafia toda a concorrência, sem esquecer que quanto mais comprar, mais barato será o preço. Descubra também <a href="https://www.miel-imperial.com/miels-du-monde/11-54-miel-blanc-du-khirghizistan.html" target="_blank" rel="noopener noreferrer"><strong>mel branco</strong></a> ! numa escala móvel</p>

<p>Oferecemos-lhe este <strong><span style="color: #000080;">Mel de flor de laranjeira 250g</span> </strong>vendido em lotes de <span style="color: #003366;"><strong>8 potes de 250g</strong></span>.</p>
<h5><span style="color: #ed1c24;"><strong>Preço por frasco: 2,45 euros</strong></span></h5>
<p><strong>1 lote : <span style="color: #0ad227;">2,45/unidade X 8 = 19,60 euros</span></strong></p>
<p>&nbsp;</p>
