{"id":33929,"date":"2016-03-15T15:09:35","date_gmt":"2016-03-15T14:09:35","guid":{"rendered":"https:\/\/ventesengros.fr\/grossiste\/miel-de-thym-250g\/"},"modified":"2023-11-14T17:05:34","modified_gmt":"2023-11-14T16:05:34","slug":"miel-de-thym-250g","status":"publish","type":"product","link":"https:\/\/ventesengros.fr\/pt\/grossiste\/mel-de-tomilho-250g\/","title":{"rendered":"Mel de tomilho - frasco de 250g (embalagem de 8 frascos)"},"content":{"rendered":"<p>O mel \u00e9 um dos melhores medicamentos naturais que existem atualmente. Existem muitos tipos diferentes de mel, cuja qualidade varia muito em fun\u00e7\u00e3o da sua proveni\u00eancia, do seu teor de glucose e do pa\u00eds ou pa\u00edses de onde \u00e9 importado.<\/p>\n<h2><strong>Mel de tomilho 250g, uma recomenda\u00e7\u00e3o para si :\u00a0<\/strong><\/h2>\n<p><b>Orient Wholesaler<\/b> est\u00e1 a vender o <b>mel de tomilho<\/b>, Este mel \u00e9 conhecido pelas suas impressionantes propriedades curativas, gra\u00e7as a um ingrediente encontrado no tomilho. O seu efeito \u00e9 acelerar o crescimento do tecido cut\u00e2neo, o que \u00e9, sem d\u00favida, uma excelente forma natural de curar uma ferida.<\/p>\n<p>Este mel tamb\u00e9m pode ser utilizado para desinfetar uma ferida, para tratar uma queimadura ligeira, \u00falceras, aftas e at\u00e9 acne se for utilizado como m\u00e1scara no rosto.<\/p>\n<p>Le <b>250 g de mel de tomilho de Marrocos<\/b> \u00e9 conhecido por ser um mel com um sabor forte e a sua cor \u00e2mbar escura faz dele um mel de qualidade.<\/p>\n<p>O seu <b>atacadista online<\/b> oferece-lhe este mel para comprar <b>a granel<\/b> a um pre\u00e7o imbat\u00edvel; um lote \u00e9 composto por 8 frascos de 250 gramas cada, ou seja, 2 kg por lote, a um pre\u00e7o de 55,92 euros, ou seja, 6,99 euros cada. Se comprar 2 ou mais lotes, beneficiar\u00e1 de um pre\u00e7o unit\u00e1rio mais baixo.<\/p>\n<p>O nosso mel de tomilho \u00e9 acondicionado em frascos de vidro para garantir a sua boa conserva\u00e7\u00e3o e, naturalmente, ser\u00e1 protegido durante o transporte para evitar que se parta ou sofra outros danos.<\/p>\n<p>No nosso s\u00edtio Web, pode encontrar uma gama de m\u00e9is de qualidade de Marrocos que se adapta \u00e0s suas necessidades. Para mais informa\u00e7\u00f5es, n\u00e3o hesite em contactar a nossa equipa de apoio ao cliente, que est\u00e1 dispon\u00edvel em hor\u00e1rios flex\u00edveis para responder aos seus pedidos.<\/p>\n<p>&nbsp;<\/p>","protected":false},"excerpt":{"rendered":"<p>Oferecemos-lhe este\u00a0<strong>Mel de tomilho 250g\u00a0<\/strong>vendido em embalagens de 8 unidades.<\/p>\n<p>1 lote : <span style=\"color: #0ad227;\">8,50\/unidade X 8 = 68 euros<\/span><\/p>\n<p>&nbsp;<\/p>","protected":false},"featured_media":34709,"template":"","meta":[],"product_brand":[],"product_cat":[206,596,59],"product_tag":[258,974,63,1151],"class_list":{"0":"post-33929","1":"product","2":"type-product","3":"status-publish","4":"has-post-thumbnail","6":"product_cat-alimentation","7":"product_cat-miel-alimentation","8":"product_cat-soin-et-bien-etre","9":"product_tag-en-gros","10":"product_tag-grossiste","11":"product_tag-miel","12":"product_tag-thym","14":"first","15":"instock","16":"shipping-taxable","17":"purchasable","18":"product-type-simple"},"_links":{"self":[{"href":"https:\/\/ventesengros.fr\/pt\/wp-json\/wp\/v2\/product\/33929","targetHints":{"allow":["GET"]}}],"collection":[{"href":"https:\/\/ventesengros.fr\/pt\/wp-json\/wp\/v2\/product"}],"about":[{"href":"https:\/\/ventesengros.fr\/pt\/wp-json\/wp\/v2\/types\/product"}],"wp:featuredmedia":[{"embeddable":true,"href":"https:\/\/ventesengros.fr\/pt\/wp-json\/wp\/v2\/media\/34709"}],"wp:attachment":[{"href":"https:\/\/ventesengros.fr\/pt\/wp-json\/wp\/v2\/media?parent=33929"}],"wp:term":[{"taxonomy":"product_brand","embeddable":true,"href":"https:\/\/ventesengros.fr\/pt\/wp-json\/wp\/v2\/product_brand?post=33929"},{"taxonomy":"product_cat","embeddable":true,"href":"https:\/\/ventesengros.fr\/pt\/wp-json\/wp\/v2\/product_cat?post=33929"},{"taxonomy":"product_tag","embeddable":true,"href":"https:\/\/ventesengros.fr\/pt\/wp-json\/wp\/v2\/product_tag?post=33929"}],"curies":[{"name":"wp","href":"https:\/\/api.w.org\/{rel}","templated":true}]}}

<p>O mel é um dos melhores medicamentos naturais que existem atualmente. Existem muitos tipos diferentes de mel, cuja qualidade varia muito em função da sua proveniência, do seu teor de glucose e do país ou países de onde é importado.</p>
<h2><strong>Mel de tomilho 250g, uma recomendação para si : </strong></h2>
<p><b>Orient Wholesaler</b> está a vender o <b>mel de tomilho</b>, Este mel é conhecido pelas suas impressionantes propriedades curativas, graças a um ingrediente encontrado no tomilho. O seu efeito é acelerar o crescimento do tecido cutâneo, o que é, sem dúvida, uma excelente forma natural de curar uma ferida.</p>
<p>Este mel também pode ser utilizado para desinfetar uma ferida, para tratar uma queimadura ligeira, úlceras, aftas e até acne se for utilizado como máscara no rosto.</p>
<p>Le <b>250 g de mel de tomilho de Marrocos</b> é conhecido por ser um mel com um sabor forte e a sua cor âmbar escura faz dele um mel de qualidade.</p>
<p>O seu <b>atacadista online</b> oferece-lhe este mel para comprar <b>a granel</b> a um preço imbatível; um lote é composto por 8 frascos de 250 gramas cada, ou seja, 2 kg por lote, a um preço de 55,92 euros, ou seja, 6,99 euros cada. Se comprar 2 ou mais lotes, beneficiará de um preço unitário mais baixo.</p>
<p>O nosso mel de tomilho é acondicionado em frascos de vidro para garantir a sua boa conservação e, naturalmente, será protegido durante o transporte para evitar que se parta ou sofra outros danos.</p>
<p>No nosso sítio Web, pode encontrar uma gama de méis de qualidade de Marrocos que se adapta às suas necessidades. Para mais informações, não hesite em contactar a nossa equipa de apoio ao cliente, que está disponível em horários flexíveis para responder aos seus pedidos.</p>
<p>&nbsp;</p>
