{"id":33027,"date":"2015-12-25T01:00:19","date_gmt":"2015-12-25T00:00:19","guid":{"rendered":"https:\/\/ventesengros.fr\/?post_type=product&#038;p=33027"},"modified":"2022-06-30T23:13:39","modified_gmt":"2022-06-30T22:13:39","slug":"amlou-a-base-darachide","status":"publish","type":"product","link":"https:\/\/ventesengros.fr\/pt\/grossiste\/amlou-com-base-em-darachid\/","title":{"rendered":"Amlou \u00e0 base de amendoim da KILO"},"content":{"rendered":"<div id=\":9n.co\" class=\"tL8wMe xAWnQc\" dir=\"ltr\"><b>Capacidade :<\/b>1L<\/div>\n<div class=\"tL8wMe xAWnQc\" dir=\"ltr\"><b><b>Proveni\u00eancia:<\/b><\/b>Marrocos<b><b><br \/>\n<\/b><\/b><b>Peso:<\/b>1kg\/pe\u00e7a<\/div>\n<div class=\"tL8wMe xAWnQc\" dir=\"ltr\"><strong>Amlou \u00e0 base de amendoim :<\/strong> uma heran\u00e7a marroquina da Amaz\u00f3nia das montanhas de Souss, rica em doces e gorduras, bem como em vitaminas e prote\u00ednas.<br \/>\n<strong>Os componentes :<\/strong> Amendoins, \u00f3leo vegetal, a\u00e7\u00facar, sal, sementes de funcho. \u00c9 prefer\u00edvel tom\u00e1-lo ao pequeno-almo\u00e7o e inclu\u00ed-lo em todas as refei\u00e7\u00f5es.<br \/>\nDeve ser bem misturado durante a utiliza\u00e7\u00e3o e armazenado num local seco e ao abrigo da luz solar excessiva.<\/div>","protected":false},"excerpt":{"rendered":"<p>Oferecemos-lhe este\u00a0<strong>Amlou com amendoins<\/strong><strong>\u00a0<\/strong>vendido em embalagens de 1 unidade.<\/p>\n<p>Pre\u00e7o de venda recomendado: 21 euros.<\/p>\n<p>1 lote :\u00a0<span style=\"color: #0ad227;\">11,90\u20ac\/pe\u00e7a<\/span><\/p>\n<p>&nbsp;<\/p>","protected":false},"featured_media":33059,"template":"","meta":[],"product_brand":[],"product_cat":[206,1370],"product_tag":[1060,974,688],"class_list":{"0":"post-33027","1":"product","2":"type-product","3":"status-publish","4":"has-post-thumbnail","6":"product_cat-alimentation","7":"product_cat-grossiste-amlou","8":"product_tag-amlou-a-base-darachide","9":"product_tag-grossiste","10":"product_tag-maroc","12":"first","13":"instock","14":"shipping-taxable","15":"purchasable","16":"product-type-simple"},"_links":{"self":[{"href":"https:\/\/ventesengros.fr\/pt\/wp-json\/wp\/v2\/product\/33027","targetHints":{"allow":["GET"]}}],"collection":[{"href":"https:\/\/ventesengros.fr\/pt\/wp-json\/wp\/v2\/product"}],"about":[{"href":"https:\/\/ventesengros.fr\/pt\/wp-json\/wp\/v2\/types\/product"}],"wp:featuredmedia":[{"embeddable":true,"href":"https:\/\/ventesengros.fr\/pt\/wp-json\/wp\/v2\/media\/33059"}],"wp:attachment":[{"href":"https:\/\/ventesengros.fr\/pt\/wp-json\/wp\/v2\/media?parent=33027"}],"wp:term":[{"taxonomy":"product_brand","embeddable":true,"href":"https:\/\/ventesengros.fr\/pt\/wp-json\/wp\/v2\/product_brand?post=33027"},{"taxonomy":"product_cat","embeddable":true,"href":"https:\/\/ventesengros.fr\/pt\/wp-json\/wp\/v2\/product_cat?post=33027"},{"taxonomy":"product_tag","embeddable":true,"href":"https:\/\/ventesengros.fr\/pt\/wp-json\/wp\/v2\/product_tag?post=33027"}],"curies":[{"name":"wp","href":"https:\/\/api.w.org\/{rel}","templated":true}]}}

Amlou à base de amendoim da KILO

<div id=":9n.co" class="tL8wMe xAWnQc" dir="ltr"><b>Capacidade :</b>1L</div>
<div class="tL8wMe xAWnQc" dir="ltr"><b><b>Proveniência:</b></b>Marrocos<b><b><br />
</b></b><b>Peso:</b>1kg/peça</div>
<div class="tL8wMe xAWnQc" dir="ltr"><strong>Amlou à base de amendoim :</strong> uma herança marroquina da Amazónia das montanhas de Souss, rica em doces e gorduras, bem como em vitaminas e proteínas.<br />
<strong>Os componentes :</strong> Amendoins, óleo vegetal, açúcar, sal, sementes de funcho. É preferível tomá-lo ao pequeno-almoço e incluí-lo em todas as refeições.<br />
Deve ser bem misturado durante a utilização e armazenado num local seco e ao abrigo da luz solar excessiva.</div>

<p>Oferecemos-lhe este <strong>Amlou com amendoins</strong><strong> </strong>vendido em embalagens de 1 unidade.</p>
<p>Preço de venda recomendado: 21 euros.</p>
<p>1 lote : <span style="color: #0ad227;">11,90€/peça</span></p>
<p>&nbsp;</p>
