{"id":32298,"date":"2015-09-01T10:45:55","date_gmt":"2015-09-01T09:45:55","guid":{"rendered":"https:\/\/ventesengros.fr\/grossiste\/henne-neutre-vrac\/"},"modified":"2025-04-08T09:41:34","modified_gmt":"2025-04-08T08:41:34","slug":"henne-naturel-vrac","status":"publish","type":"product","link":"https:\/\/ventesengros.fr\/pt\/grossiste\/hena-natural-a-granel\/","title":{"rendered":"Henn\u00e9 natural em p\u00f3 (por quilo ou em saquinhos de 100 g)"},"content":{"rendered":"<p>A hena \u00e9 um corante vegetal muito utilizado no M\u00e9dio Oriente.<\/p>\n<h2><b>Hena natural: poder protetor para o cabelo<\/b><\/h2>\n<p>A sua principal fun\u00e7\u00e3o \u00e9 respeitar a cor original da fibra capilar.<\/p>\n<h2><b>A Henna regula os cabelos oleosos e danificados<\/b><\/h2>\n<p><span class=\"Apple-converted-space\">\u00a0<\/span>Particularmente adaptada aos cabelos oleosos, a hena natural regula o excesso de sebo. Respeita e suaviza os cabelos, eliminando a oleosidade. Ao envolver a fibra capilar, limpa e protege de forma duradoura. A hena natural \u00e9 um produto natural de cuidado capilar muito eficaz. Para tirar o m\u00e1ximo partido dos benef\u00edcios desta pasta de ervas, verifique previamente se n\u00e3o cont\u00e9m produtos qu\u00edmicos. Embora fa\u00e7amos todos os esfor\u00e7os na nossa loja online para lhe oferecer um produto saud\u00e1vel, nem todos os vendedores electr\u00f3nicos o fazem. Por isso, certifique-se de que a hena n\u00e3o cont\u00e9m quaisquer sais met\u00e1licos.<\/p>\n<p><span class=\"Apple-converted-space\">\u00a0<\/span>Embora esta pr\u00e1tica possa ser verificada no caso da hena natural, certificamo-nos regularmente de que os nossos stocks cumprem estas regras de gentileza.<span class=\"Apple-converted-space\">\u00a0<\/span><\/p>\n<p><span class=\"Apple-converted-space\">\u00a0<\/span><\/p>","protected":false},"excerpt":{"rendered":"<p><span style=\"color: #ff0000;\"><strong>Vendido em embalagens de 12 saquetas de 100 gramas<\/strong><\/span><\/p>\n<blockquote>\n<h5><span style=\"font-size: 10pt; color: #800000;\"><strong><span style=\"font-family: 'courier new', courier, monospace;\">1,49 \u20ac por saco de 100 g<\/span><\/strong><\/span><\/h5>\n<h5><span style=\"font-size: 10pt;\"><strong><span style=\"font-family: 'courier new', courier, monospace;\"><span style=\"color: #800000;\">9,99 por quilo<\/span>\u00a0<\/span><\/strong><\/span><\/h5>\n<\/blockquote>\n<p>Todos os nossos produtos est\u00e3o dispon\u00edveis em marca branca (<a href=\"https:\/\/ventesengros.fr\/pt\/contacto\/\"><strong>a pedido<\/strong><\/a>)<\/p>\n<p>Pre\u00e7o decrescente em 10 lotes desconto de 10% (<a href=\"https:\/\/ventesengros.fr\/pt\/contacto\/\"><strong>a pedido<\/strong><\/a>)<\/p>\n<p>Fotografia n\u00e3o contratual<\/p>\n<p>&nbsp;<\/p>\n<p>&nbsp;<\/p>\n<p>&nbsp;<\/p>\n<p>&nbsp;<\/p>","protected":false},"featured_media":37982,"template":"","meta":[],"product_brand":[],"product_cat":[360,59],"product_tag":[113,258,974,963,688,269,191],"class_list":{"0":"post-32298","1":"product","2":"type-product","3":"status-publish","4":"has-post-thumbnail","6":"product_cat-produit-naturel-en-vrac","7":"product_cat-soin-et-bien-etre","8":"product_tag-cosmetique","9":"product_tag-en-gros","10":"product_tag-grossiste","11":"product_tag-henne-neutre","12":"product_tag-maroc","13":"product_tag-naturelle","14":"product_tag-pas-cher","15":"pa_lot-158","16":"pa_lot-2-lots-economisez-14e","17":"pa_lot-2-lots-economisez-2-4-euros","18":"pa_lot-159","19":"pa_lot-3-lots-economisez-720-euros","21":"first","22":"instock","23":"shipping-taxable","24":"purchasable","25":"product-type-variable"},"_links":{"self":[{"href":"https:\/\/ventesengros.fr\/pt\/wp-json\/wp\/v2\/product\/32298","targetHints":{"allow":["GET"]}}],"collection":[{"href":"https:\/\/ventesengros.fr\/pt\/wp-json\/wp\/v2\/product"}],"about":[{"href":"https:\/\/ventesengros.fr\/pt\/wp-json\/wp\/v2\/types\/product"}],"wp:featuredmedia":[{"embeddable":true,"href":"https:\/\/ventesengros.fr\/pt\/wp-json\/wp\/v2\/media\/37982"}],"wp:attachment":[{"href":"https:\/\/ventesengros.fr\/pt\/wp-json\/wp\/v2\/media?parent=32298"}],"wp:term":[{"taxonomy":"product_brand","embeddable":true,"href":"https:\/\/ventesengros.fr\/pt\/wp-json\/wp\/v2\/product_brand?post=32298"},{"taxonomy":"product_cat","embeddable":true,"href":"https:\/\/ventesengros.fr\/pt\/wp-json\/wp\/v2\/product_cat?post=32298"},{"taxonomy":"product_tag","embeddable":true,"href":"https:\/\/ventesengros.fr\/pt\/wp-json\/wp\/v2\/product_tag?post=32298"}],"curies":[{"name":"wp","href":"https:\/\/api.w.org\/{rel}","templated":true}]}}

Henné natural em pó (por quilo ou em saquinhos de 100 g)

<p>A hena é um corante vegetal muito utilizado no Médio Oriente.</p>
<h2><b>Hena natural: poder protetor para o cabelo</b></h2>
<p>A sua principal função é respeitar a cor original da fibra capilar.</p>
<h2><b>A Henna regula os cabelos oleosos e danificados</b></h2>
<p><span class="Apple-converted-space"> </span>Particularmente adaptada aos cabelos oleosos, a hena natural regula o excesso de sebo. Respeita e suaviza os cabelos, eliminando a oleosidade. Ao envolver a fibra capilar, limpa e protege de forma duradoura. A hena natural é um produto natural de cuidado capilar muito eficaz. Para tirar o máximo partido dos benefícios desta pasta de ervas, verifique previamente se não contém produtos químicos. Embora façamos todos os esforços na nossa loja online para lhe oferecer um produto saudável, nem todos os vendedores electrónicos o fazem. Por isso, certifique-se de que a hena não contém quaisquer sais metálicos.</p>
<p><span class="Apple-converted-space"> </span>Embora esta prática possa ser verificada no caso da hena natural, certificamo-nos regularmente de que os nossos stocks cumprem estas regras de gentileza.<span class="Apple-converted-space"> </span></p>
<p><span class="Apple-converted-space"> </span></p>

<p><span style="color: #ff0000;"><strong>Vendido em embalagens de 12 saquetas de 100 gramas</strong></span></p>
<blockquote>
<h5><span style="font-size: 10pt; color: #800000;"><strong><span style="font-family: 'courier new', courier, monospace;">1,49 € por saco de 100 g</span></strong></span></h5>
<h5><span style="font-size: 10pt;"><strong><span style="font-family: 'courier new', courier, monospace;"><span style="color: #800000;">9,99 por quilo</span> </span></strong></span></h5>
</blockquote>
<p>Todos os nossos produtos estão disponíveis em marca branca (<a href="https://ventesengros.fr/pt/contacto/"><strong>a pedido</strong></a>)</p>
<p>Preço decrescente em 10 lotes desconto de 10% (<a href="https://ventesengros.fr/pt/contacto/"><strong>a pedido</strong></a>)</p>
<p>Fotografia não contratual</p>
<p>&nbsp;</p>
<p>&nbsp;</p>
<p>&nbsp;</p>
<p>&nbsp;</p>
