{"id":32133,"date":"2015-08-07T16:02:01","date_gmt":"2015-08-07T15:02:01","guid":{"rendered":"https:\/\/ventesengros.fr\/grossiste\/pierre-d-alun-poudre\/"},"modified":"2024-02-14T09:40:01","modified_gmt":"2024-02-14T08:40:01","slug":"pierre-d-alun-poudre","status":"publish","type":"product","link":"https:\/\/ventesengros.fr\/pt\/grossiste\/po-de-pedra-de-alumen\/","title":{"rendered":"P\u00f3 de pedra de al\u00famen (por quilo ou em saquetas de 200g)"},"content":{"rendered":"<p><span class=\"Apple-converted-space\">\u00a0<\/span>A utiliza\u00e7\u00e3o de<span class=\"Apple-converted-space\">\u00a0 <\/span>O p\u00f3 de pedra de al\u00famen \u00e9 a solu\u00e7\u00e3o ideal para regular a transpira\u00e7\u00e3o de forma natural. Este guerreiro comprovado pelo tempo tem a sua origem num solo vulc\u00e2nico. Os sais minerais presentes nos cristais t\u00eam uma fun\u00e7\u00e3o muito espec\u00edfica em termos de higiene pessoal.<\/p>\n<h2><b>Pedra de al\u00famen em p\u00f3: uma fun\u00e7\u00e3o muito espec\u00edfica<\/b><\/h2>\n<p><span class=\"Apple-converted-space\">\u00a0<\/span>A pedra de al\u00famen em p\u00f3 tem propriedades adstringentes e reguladoras. Fecha os poros da pele e impede a prolifera\u00e7\u00e3o de bact\u00e9rias. Quando esfregados contra a pedra de al\u00famen em p\u00f3, os cristais permitem a dissipa\u00e7\u00e3o dos odores desagrad\u00e1veis. Este elemento essencial elimina o suor em vez de o mascarar. Actua portanto como um desodorizante seco.<\/p>\n<p><span class=\"Apple-converted-space\">\u00a0<\/span>A vantagem da utiliza\u00e7\u00e3o desta pedra vai para al\u00e9m da utiliza\u00e7\u00e3o da pedra em bruto. Pode ser utilizada durante todo o dia em partes do corpo que n\u00e3o s\u00e3o muito acess\u00edveis.<\/p>\n<h2><b>Ben\u00e9fico para todas as partes do corpo<\/b><\/h2>\n<p><span class=\"Apple-converted-space\">\u00a0<\/span>Algumas pessoas com problemas de transpira\u00e7\u00e3o em todo o corpo podem encontrar solu\u00e7\u00f5es adequadas utilizando p\u00f3 de pedra de al\u00famen. Sobretudo quando se trata de p\u00e9s que transpiram. Os cristais em p\u00f3 contidos nas meias ajudam a eliminar e a regular a transpira\u00e7\u00e3o ao longo do dia. Este m\u00e9todo elimina igualmente os odores desagrad\u00e1veis. A sua utiliza\u00e7\u00e3o \u00e9 unanimemente aclamada por homens e mulheres.<\/p>\n<p><span class=\"Apple-converted-space\">\u00a0<\/span>Esta pedra em p\u00f3 \u00e9 cada vez mais utilizada para reduzir o ardor da l\u00e2mina de barbear nos homens. Ajuda a prevenir as inflama\u00e7\u00f5es cut\u00e2neas e a conter as hemorragias provocadas pelo barbear. Inigual\u00e1vel pela sua suavidade, regula igualmente o suor das m\u00e3os, frequente em pessoas com disfun\u00e7\u00f5es hormonais.<\/p>\n<p><span class=\"Apple-converted-space\">\u00a0<\/span>Fotografia n\u00e3o contratual.<\/p>","protected":false},"excerpt":{"rendered":"<p>Oferecemos-lhe P\u00f3 de pedra de alum\u00ednio\u00a0<span style=\"color: #0000ff;\"><strong>vendido ao quilo ou em sacos de 200 g em embalagens de 12 unidades<\/strong><\/span>. Com ou sem etiqueta.<\/p>\n<p><b>Pre\u00e7o por quilo :<\/b>\u00a0<span style=\"color: #ff0000;\"><strong>7,50\u20ac<\/strong><\/span><\/p>\n<p><b>Pre\u00e7o por saco<span class=\"Apple-converted-space\">\u00a0<\/span>:<\/b>\u00a0<strong><span style=\"color: #ff0000;\">1,49\u20ac<\/span><\/strong><\/p>\n<p><span style=\"color: #ff0000;\"><b>Para mais de 3 lotes, selecionar uma quantidade no cesto.<\/b><\/span><\/p>\n<p>Pre\u00e7o decrescente em 10 lotes desconto de 10% (<span style=\"color: #ff0000;\"><a style=\"color: #ff0000;\" href=\"https:\/\/ventesengros.fr\/pt\/contacto\/\"><strong>contactar-nos<\/strong><\/a><\/span>).<\/p>","protected":false},"featured_media":37955,"template":"","meta":[],"product_brand":[],"product_cat":[360,59],"product_tag":[113,258,974,688,269,191,922,268],"class_list":{"0":"post-32133","1":"product","2":"type-product","3":"status-publish","4":"has-post-thumbnail","6":"product_cat-produit-naturel-en-vrac","7":"product_cat-soin-et-bien-etre","8":"product_tag-cosmetique","9":"product_tag-en-gros","10":"product_tag-grossiste","11":"product_tag-maroc","12":"product_tag-naturelle","13":"product_tag-pas-cher","14":"product_tag-pierre-dalun","15":"product_tag-poudre","17":"first","18":"instock","19":"shipping-taxable","20":"purchasable","21":"product-type-variable"},"_links":{"self":[{"href":"https:\/\/ventesengros.fr\/pt\/wp-json\/wp\/v2\/product\/32133","targetHints":{"allow":["GET"]}}],"collection":[{"href":"https:\/\/ventesengros.fr\/pt\/wp-json\/wp\/v2\/product"}],"about":[{"href":"https:\/\/ventesengros.fr\/pt\/wp-json\/wp\/v2\/types\/product"}],"wp:featuredmedia":[{"embeddable":true,"href":"https:\/\/ventesengros.fr\/pt\/wp-json\/wp\/v2\/media\/37955"}],"wp:attachment":[{"href":"https:\/\/ventesengros.fr\/pt\/wp-json\/wp\/v2\/media?parent=32133"}],"wp:term":[{"taxonomy":"product_brand","embeddable":true,"href":"https:\/\/ventesengros.fr\/pt\/wp-json\/wp\/v2\/product_brand?post=32133"},{"taxonomy":"product_cat","embeddable":true,"href":"https:\/\/ventesengros.fr\/pt\/wp-json\/wp\/v2\/product_cat?post=32133"},{"taxonomy":"product_tag","embeddable":true,"href":"https:\/\/ventesengros.fr\/pt\/wp-json\/wp\/v2\/product_tag?post=32133"}],"curies":[{"name":"wp","href":"https:\/\/api.w.org\/{rel}","templated":true}]}}

Pó de pedra de alúmen (por quilo ou em saquetas de 200g)

<p><span class="Apple-converted-space"> </span>A utilização de<span class="Apple-converted-space">  </span>O pó de pedra de alúmen é a solução ideal para regular a transpiração de forma natural. Este guerreiro comprovado pelo tempo tem a sua origem num solo vulcânico. Os sais minerais presentes nos cristais têm uma função muito específica em termos de higiene pessoal.</p>
<h2><b>Pedra de alúmen em pó: uma função muito específica</b></h2>
<p><span class="Apple-converted-space"> </span>A pedra de alúmen em pó tem propriedades adstringentes e reguladoras. Fecha os poros da pele e impede a proliferação de bactérias. Quando esfregados contra a pedra de alúmen em pó, os cristais permitem a dissipação dos odores desagradáveis. Este elemento essencial elimina o suor em vez de o mascarar. Actua portanto como um desodorizante seco.</p>
<p><span class="Apple-converted-space"> </span>A vantagem da utilização desta pedra vai para além da utilização da pedra em bruto. Pode ser utilizada durante todo o dia em partes do corpo que não são muito acessíveis.</p>
<h2><b>Benéfico para todas as partes do corpo</b></h2>
<p><span class="Apple-converted-space"> </span>Algumas pessoas com problemas de transpiração em todo o corpo podem encontrar soluções adequadas utilizando pó de pedra de alúmen. Sobretudo quando se trata de pés que transpiram. Os cristais em pó contidos nas meias ajudam a eliminar e a regular a transpiração ao longo do dia. Este método elimina igualmente os odores desagradáveis. A sua utilização é unanimemente aclamada por homens e mulheres.</p>
<p><span class="Apple-converted-space"> </span>Esta pedra em pó é cada vez mais utilizada para reduzir o ardor da lâmina de barbear nos homens. Ajuda a prevenir as inflamações cutâneas e a conter as hemorragias provocadas pelo barbear. Inigualável pela sua suavidade, regula igualmente o suor das mãos, frequente em pessoas com disfunções hormonais.</p>
<p><span class="Apple-converted-space"> </span>Fotografia não contratual.</p>

<p>Oferecemos-lhe Pó de pedra de alumínio <span style="color: #0000ff;"><strong>vendido ao quilo ou em sacos de 200 g em embalagens de 12 unidades</strong></span>. Com ou sem etiqueta.</p>
<p><b>Preço por quilo :</b> <span style="color: #ff0000;"><strong>7,50€</strong></span></p>
<p><b>Preço por saco<span class="Apple-converted-space"> </span>:</b> <strong><span style="color: #ff0000;">1,49€</span></strong></p>
<p><span style="color: #ff0000;"><b>Para mais de 3 lotes, selecionar uma quantidade no cesto.</b></span></p>
<p>Preço decrescente em 10 lotes desconto de 10% (<span style="color: #ff0000;"><a style="color: #ff0000;" href="https://ventesengros.fr/pt/contacto/"><strong>contactar-nos</strong></a></span>).</p>
