{"id":32062,"date":"2015-07-23T17:18:05","date_gmt":"2015-07-23T16:18:05","guid":{"rendered":"https:\/\/ventesengros.fr\/?post_type=product&#038;p=32062"},"modified":"2023-08-11T10:01:29","modified_gmt":"2023-08-11T09:01:29","slug":"pierre-dalun-naturelle","status":"publish","type":"product","link":"https:\/\/ventesengros.fr\/pt\/grossiste\/pedra-natural-de-dalun\/","title":{"rendered":"Pedra natural de al\u00famen 100% em peda\u00e7os (a quilo ou em saquetas de 200g)"},"content":{"rendered":"<p>A pedra de alum\u00ednio em peda\u00e7os \u00e9 um cristal mineral obtido a partir de rocha vulc\u00e2nica. Rica em pot\u00e1ssio, \u00e9 uma \u00f3ptima alternativa aos antitranspirantes que utilizam sal de alum\u00ednio.<\/p>\n<h2><b>Pedra de al\u00famen em peda\u00e7os: um regresso assertivo<\/b><\/h2>\n<p>Embora a sua utiliza\u00e7\u00e3o seja muito antiga, o regresso \u00e0 naturalidade deu um novo impulso a este produto inigual\u00e1vel. Nos \u00faltimos anos, a pedra bruta de al\u00famen foi posta de lado, ainda que apenas por algum tempo. Foi certamente a falta de perfume que levou as pessoas a perderem o interesse por esta pedra mineral. Durante anos, a ind\u00fastria cosm\u00e9tica deu grande \u00eanfase aos aromas dos desodorizantes sint\u00e9ticos. A falta de fragr\u00e2ncia \u00e9, portanto, a principal raz\u00e3o do seu desinteresse. Mas num curto espa\u00e7o de tempo, muitos consumidores passaram a apreciar os benef\u00edcios desta pedra transparente. A pedra de al\u00famen n\u00e3o se limita a disfar\u00e7ar os odores. Vai mais longe, regulando a transpira\u00e7\u00e3o do organismo. A sua principal fun\u00e7\u00e3o \u00e9 dissolver a transpira\u00e7\u00e3o, deixando as axilas limpas e secas.<\/p>\n<p><span class=\"Apple-converted-space\">\u00a0<\/span>Acabaram-se as inunda\u00e7\u00f5es e a transpira\u00e7\u00e3o descontrolada. A pedra de al\u00famen tornou-se um aliado indispens\u00e1vel para combater o suor durante todo o dia.<\/p>\n<h2><b>Rochas naturais: uma alternativa aos sais de alum\u00ednio<\/b><\/h2>\n<p><span class=\"Apple-converted-space\">\u00a0<\/span>As autoridades sanit\u00e1rias lan\u00e7aram o alerta sobre a presen\u00e7a destes sais nos antitranspirantes. A ind\u00fastria da beleza respondeu proibindo o \u00e1lcool em certas f\u00f3rmulas de desodorizantes. Mas isso n\u00e3o significa que o problema tenha sido resolvido. Ao esfregar as axilas lavadas e secas com pedra de al\u00famen ou um b\u00e1lsamo natural, pode proteger a sua sa\u00fade. A pedra de al\u00famen vulc\u00e2nica n\u00e3o cont\u00e9m sal de alum\u00ednio. Sem esta subst\u00e2ncia nociva, \u00e9 suave para a pele. Para aqueles que t\u00eam relut\u00e2ncia em utiliz\u00e1-la, devem saber que, no seu estado natural, ela ir\u00e1 salv\u00e1-lo de muitas das doen\u00e7as causadas pelos sais (Alzheimer, cancro da mama). Descubra o nosso <a href=\"https:\/\/ventesengros.fr\/pt\/grossiste\/po-de-pedra-de-alumen\/\"><strong>p\u00f3 de pedra de al\u00famen<\/strong><\/a> !<\/p>\n<p>Fotografia n\u00e3o contratual.<\/p>","protected":false},"excerpt":{"rendered":"<p>Sugerimos pedra de alum\u00ednio\u00a0<span style=\"color: #0000ff;\"><strong>vendido ao quilo ou em sacos de 200 g em embalagens de 12 unidades<\/strong><\/span>. Com ou sem etiqueta.<\/p>\n<p><b>Pre\u00e7o por quilo :<\/b>\u00a0<span style=\"color: #ff0000;\"><strong>7,50\u20ac<\/strong><\/span><\/p>\n<p><b>Pre\u00e7o por saco<span class=\"Apple-converted-space\">\u00a0<\/span>:<\/b>\u00a0<strong><span style=\"color: #ff0000;\">1,49\u20ac<\/span><\/strong><\/p>\n<p><span style=\"color: #ff0000;\"><b>Para mais de 3 lotes, selecionar uma quantidade no cesto.<\/b><\/span><\/p>\n<p>Pre\u00e7o decrescente em 10 lotes desconto de 10% (<span style=\"color: #ff0000;\"><a style=\"color: #ff0000;\" href=\"https:\/\/ventesengros.fr\/pt\/contacto\/\"><strong>contactar-nos<\/strong><\/a><\/span>).<\/p>","protected":false},"featured_media":37963,"template":"","meta":[],"product_brand":[],"product_cat":[360,59],"product_tag":[113,258,974,688,269,191,922],"class_list":{"0":"post-32062","1":"product","2":"type-product","3":"status-publish","4":"has-post-thumbnail","6":"product_cat-produit-naturel-en-vrac","7":"product_cat-soin-et-bien-etre","8":"product_tag-cosmetique","9":"product_tag-en-gros","10":"product_tag-grossiste","11":"product_tag-maroc","12":"product_tag-naturelle","13":"product_tag-pas-cher","14":"product_tag-pierre-dalun","16":"first","17":"instock","18":"shipping-taxable","19":"purchasable","20":"product-type-variable"},"_links":{"self":[{"href":"https:\/\/ventesengros.fr\/pt\/wp-json\/wp\/v2\/product\/32062","targetHints":{"allow":["GET"]}}],"collection":[{"href":"https:\/\/ventesengros.fr\/pt\/wp-json\/wp\/v2\/product"}],"about":[{"href":"https:\/\/ventesengros.fr\/pt\/wp-json\/wp\/v2\/types\/product"}],"wp:featuredmedia":[{"embeddable":true,"href":"https:\/\/ventesengros.fr\/pt\/wp-json\/wp\/v2\/media\/37963"}],"wp:attachment":[{"href":"https:\/\/ventesengros.fr\/pt\/wp-json\/wp\/v2\/media?parent=32062"}],"wp:term":[{"taxonomy":"product_brand","embeddable":true,"href":"https:\/\/ventesengros.fr\/pt\/wp-json\/wp\/v2\/product_brand?post=32062"},{"taxonomy":"product_cat","embeddable":true,"href":"https:\/\/ventesengros.fr\/pt\/wp-json\/wp\/v2\/product_cat?post=32062"},{"taxonomy":"product_tag","embeddable":true,"href":"https:\/\/ventesengros.fr\/pt\/wp-json\/wp\/v2\/product_tag?post=32062"}],"curies":[{"name":"wp","href":"https:\/\/api.w.org\/{rel}","templated":true}]}}

Pedra natural de alúmen 100% em pedaços (a quilo ou em saquetas de 200g)

<p>A pedra de alumínio em pedaços é um cristal mineral obtido a partir de rocha vulcânica. Rica em potássio, é uma óptima alternativa aos antitranspirantes que utilizam sal de alumínio.</p>
<h2><b>Pedra de alúmen em pedaços: um regresso assertivo</b></h2>
<p>Embora a sua utilização seja muito antiga, o regresso à naturalidade deu um novo impulso a este produto inigualável. Nos últimos anos, a pedra bruta de alúmen foi posta de lado, ainda que apenas por algum tempo. Foi certamente a falta de perfume que levou as pessoas a perderem o interesse por esta pedra mineral. Durante anos, a indústria cosmética deu grande ênfase aos aromas dos desodorizantes sintéticos. A falta de fragrância é, portanto, a principal razão do seu desinteresse. Mas num curto espaço de tempo, muitos consumidores passaram a apreciar os benefícios desta pedra transparente. A pedra de alúmen não se limita a disfarçar os odores. Vai mais longe, regulando a transpiração do organismo. A sua principal função é dissolver a transpiração, deixando as axilas limpas e secas.</p>
<p><span class="Apple-converted-space"> </span>Acabaram-se as inundações e a transpiração descontrolada. A pedra de alúmen tornou-se um aliado indispensável para combater o suor durante todo o dia.</p>
<h2><b>Rochas naturais: uma alternativa aos sais de alumínio</b></h2>
<p><span class="Apple-converted-space"> </span>As autoridades sanitárias lançaram o alerta sobre a presença destes sais nos antitranspirantes. A indústria da beleza respondeu proibindo o álcool em certas fórmulas de desodorizantes. Mas isso não significa que o problema tenha sido resolvido. Ao esfregar as axilas lavadas e secas com pedra de alúmen ou um bálsamo natural, pode proteger a sua saúde. A pedra de alúmen vulcânica não contém sal de alumínio. Sem esta substância nociva, é suave para a pele. Para aqueles que têm relutância em utilizá-la, devem saber que, no seu estado natural, ela irá salvá-lo de muitas das doenças causadas pelos sais (Alzheimer, cancro da mama). Descubra o nosso <a href="https://ventesengros.fr/pt/grossiste/po-de-pedra-de-alumen/"><strong>pó de pedra de alúmen</strong></a> !</p>
<p>Fotografia não contratual.</p>

<p>Sugerimos pedra de alumínio <span style="color: #0000ff;"><strong>vendido ao quilo ou em sacos de 200 g em embalagens de 12 unidades</strong></span>. Com ou sem etiqueta.</p>
<p><b>Preço por quilo :</b> <span style="color: #ff0000;"><strong>7,50€</strong></span></p>
<p><b>Preço por saco<span class="Apple-converted-space"> </span>:</b> <strong><span style="color: #ff0000;">1,49€</span></strong></p>
<p><span style="color: #ff0000;"><b>Para mais de 3 lotes, selecionar uma quantidade no cesto.</b></span></p>
<p>Preço decrescente em 10 lotes desconto de 10% (<span style="color: #ff0000;"><a style="color: #ff0000;" href="https://ventesengros.fr/pt/contacto/"><strong>contactar-nos</strong></a></span>).</p>
