{"id":30788,"date":"2015-01-22T10:07:40","date_gmt":"2015-01-22T09:07:40","guid":{"rendered":"https:\/\/ventesengros.fr\/?post_type=product&#038;p=30788"},"modified":"2022-06-30T23:21:20","modified_gmt":"2022-06-30T22:21:20","slug":"savon-noir-largan-en-vrac","status":"publish","type":"product","link":"https:\/\/ventesengros.fr\/pt\/grossiste\/sabao-largan-a-granel\/","title":{"rendered":"Sab\u00e3o preto de arg\u00e3o a granel"},"content":{"rendered":"<p>O sab\u00e3o preto \u00e9 uma solu\u00e7\u00e3o de limpeza natural feita a partir de azeitonas pretas esmagadas e maceradas. Agradavelmente suave e perfumado, este cosm\u00e9tico de refer\u00eancia \u00e9 utilizado para curar a pele nos hammams. No entanto, \u00e9 um produto de uso dom\u00e9stico que se recomenda uma vez por semana para a esfolia\u00e7\u00e3o corporal. Continue a ler para descobrir os benef\u00edcios de um excelente sabonete para a sa\u00fade do seu corpo.<\/p>\n<h2><b><span class=\"Apple-converted-space\">\u00a0<\/span>Sab\u00e3o preto: um esfoliante not\u00e1vel<span class=\"Apple-converted-space\">\u00a0<\/span><\/b><\/h2>\n<p><span class=\"Apple-converted-space\">Este<\/span>\u00a0O sab\u00e3o apresenta-se sob a forma de uma pasta que se espalha pelo corpo e depois se esfrega vigorosamente. Pode parecer que faz um pouco de espuma. No entanto, este sab\u00e3o natural purifica o corpo e regenera a pele. De facto, a utiliza\u00e7\u00e3o deste esfoliante \u00e9 diferente da do sab\u00e3o tradicional. O seu papel essencial consiste em eliminar as c\u00e9lulas mortas da pele e reconstituir a epiderme. Por isso, cuidado com as peles sens\u00edveis. O modo de utiliza\u00e7\u00e3o \u00e9 muito diferente de o esfregar simplesmente no corpo. A utiliza\u00e7\u00e3o do sab\u00e3o preto ser\u00e1 uma surpresa para muitos. Mas \u00e9 o resultado final que tornar\u00e1 a sua pele sublime.<\/p>\n<h3><b>Le <a href=\"https:\/\/manelya.com\/produit\/gant-kessa\/\" rel=\"noopener\">luva kessa<\/a>\u00a0uma etapa obrigat\u00f3ria<\/b><\/h3>\n<p><span class=\"Apple-converted-space\">\u00a0<\/span>Embora o seu aroma seja doce, a utiliza\u00e7\u00e3o de sab\u00e3o preto remove as c\u00e9lulas mortas da pele do seu corpo, exercendo um efeito hidratante. A melhor maneira de o utilizar \u00e9 enxaguar com \u00e1gua quente. Isto abrir\u00e1 os poros da pele. Ao espalhar o sab\u00e3o preto pelo corpo, a luva \u00e1spera conhecida como \u00abkessa\u00bb exerce simplesmente a a\u00e7\u00e3o de esfregar. Para quem n\u00e3o est\u00e1 habituado, os movimentos repetitivos s\u00e3o por vezes dolorosos. No entanto, o tratamento com sab\u00e3o preto \u00e9 simplesmente uma quest\u00e3o de rotina. Com a pr\u00e1tica, a luva de crina de cavalo<span class=\"Apple-converted-space\">\u00a0 <\/span>acabar\u00e1 por se tornar um acess\u00f3rio normal para si. O resultado final dar-lhe-\u00e1 sensa\u00e7\u00f5es, prazer e o desejo de continuar este tratamento ao longo do tempo.<\/p>","protected":false},"excerpt":{"rendered":"<p>Fotografia n\u00e3o contratual<\/p>\n<p>Todos os nossos produtos est\u00e3o dispon\u00edveis em marca branca (<a href=\"https:\/\/ventesengros.fr\/pt\/contacto\/\"><strong>a pedido<\/strong><\/a>)<\/p>\n<p>Pre\u00e7o decrescente em 10 lotes desconto de 10% (<a href=\"https:\/\/ventesengros.fr\/pt\/contacto\/\"><strong>a pedido<\/strong><\/a>)<\/p>","protected":false},"featured_media":30794,"template":"","meta":[],"product_brand":[],"product_cat":[59,200],"product_tag":[258,974,688,729],"class_list":{"0":"post-30788","1":"product","2":"type-product","3":"status-publish","4":"has-post-thumbnail","6":"product_cat-soin-et-bien-etre","7":"product_cat-savon-soin-et-bien-etre","8":"product_tag-en-gros","9":"product_tag-grossiste","10":"product_tag-maroc","11":"product_tag-savon-noir-a-largan-en-vrac","12":"pa_lot-158","13":"pa_lot-2-lots-economisez-14e","14":"pa_lot-2-lots-economisez-24-euros","15":"pa_lot-159","16":"pa_lot-3-lots-economisez-108-euros","18":"first","19":"instock","20":"shipping-taxable","21":"purchasable","22":"product-type-variable"},"_links":{"self":[{"href":"https:\/\/ventesengros.fr\/pt\/wp-json\/wp\/v2\/product\/30788","targetHints":{"allow":["GET"]}}],"collection":[{"href":"https:\/\/ventesengros.fr\/pt\/wp-json\/wp\/v2\/product"}],"about":[{"href":"https:\/\/ventesengros.fr\/pt\/wp-json\/wp\/v2\/types\/product"}],"wp:featuredmedia":[{"embeddable":true,"href":"https:\/\/ventesengros.fr\/pt\/wp-json\/wp\/v2\/media\/30794"}],"wp:attachment":[{"href":"https:\/\/ventesengros.fr\/pt\/wp-json\/wp\/v2\/media?parent=30788"}],"wp:term":[{"taxonomy":"product_brand","embeddable":true,"href":"https:\/\/ventesengros.fr\/pt\/wp-json\/wp\/v2\/product_brand?post=30788"},{"taxonomy":"product_cat","embeddable":true,"href":"https:\/\/ventesengros.fr\/pt\/wp-json\/wp\/v2\/product_cat?post=30788"},{"taxonomy":"product_tag","embeddable":true,"href":"https:\/\/ventesengros.fr\/pt\/wp-json\/wp\/v2\/product_tag?post=30788"}],"curies":[{"name":"wp","href":"https:\/\/api.w.org\/{rel}","templated":true}]}}

Sabão preto de argão a granel

<p>O sabão preto é uma solução de limpeza natural feita a partir de azeitonas pretas esmagadas e maceradas. Agradavelmente suave e perfumado, este cosmético de referência é utilizado para curar a pele nos hammams. No entanto, é um produto de uso doméstico que se recomenda uma vez por semana para a esfoliação corporal. Continue a ler para descobrir os benefícios de um excelente sabonete para a saúde do seu corpo.</p>
<h2><b><span class="Apple-converted-space"> </span>Sabão preto: um esfoliante notável<span class="Apple-converted-space"> </span></b></h2>
<p><span class="Apple-converted-space">Este</span> O sabão apresenta-se sob a forma de uma pasta que se espalha pelo corpo e depois se esfrega vigorosamente. Pode parecer que faz um pouco de espuma. No entanto, este sabão natural purifica o corpo e regenera a pele. De facto, a utilização deste esfoliante é diferente da do sabão tradicional. O seu papel essencial consiste em eliminar as células mortas da pele e reconstituir a epiderme. Por isso, cuidado com as peles sensíveis. O modo de utilização é muito diferente de o esfregar simplesmente no corpo. A utilização do sabão preto será uma surpresa para muitos. Mas é o resultado final que tornará a sua pele sublime.</p>
<h3><b>Le <a href="https://manelya.com/produit/gant-kessa/" rel="noopener">luva kessa</a> uma etapa obrigatória</b></h3>
<p><span class="Apple-converted-space"> </span>Embora o seu aroma seja doce, a utilização de sabão preto remove as células mortas da pele do seu corpo, exercendo um efeito hidratante. A melhor maneira de o utilizar é enxaguar com água quente. Isto abrirá os poros da pele. Ao espalhar o sabão preto pelo corpo, a luva áspera conhecida como «kessa» exerce simplesmente a ação de esfregar. Para quem não está habituado, os movimentos repetitivos são por vezes dolorosos. No entanto, o tratamento com sabão preto é simplesmente uma questão de rotina. Com a prática, a luva de crina de cavalo<span class="Apple-converted-space">  </span>acabará por se tornar um acessório normal para si. O resultado final dar-lhe-á sensações, prazer e o desejo de continuar este tratamento ao longo do tempo.</p>

<p>Fotografia não contratual</p>
<p>Todos os nossos produtos estão disponíveis em marca branca (<a href="https://ventesengros.fr/pt/contacto/"><strong>a pedido</strong></a>)</p>
<p>Preço decrescente em 10 lotes desconto de 10% (<a href="https://ventesengros.fr/pt/contacto/"><strong>a pedido</strong></a>)</p>
