{"id":29957,"date":"2014-09-26T07:18:15","date_gmt":"2014-09-26T06:18:15","guid":{"rendered":"http:\/\/pietra-communication.com\/ventesengros.fr\/?post_type=product&#038;p=29957"},"modified":"2023-08-27T20:23:01","modified_gmt":"2023-08-27T19:23:01","slug":"savon-noir-figue-barbarie","status":"publish","type":"product","link":"https:\/\/ventesengros.fr\/pt\/grossiste\/sabao-de-figo-da-india-2\/","title":{"rendered":"Sab\u00e3o preto de figo da \u00cdndia - 200g - (conjunto de 12 frascos)"},"content":{"rendered":"<p><strong>Propriedades:<\/strong><\/p>\n<p style=\"color: #777777;\"><span class=\"null\">O sab\u00e3o preto \u00e9 natural e \u00e0 base de plantas. Elimina as c\u00e9lulas mortas, deixando a sua pele macia e acetinada. A pera espinhosa combate o envelhecimento cut\u00e2neo e restaura a tonicidade e a firmeza da pele. Aplicar o sab\u00e3o preto na pele quente e h\u00famida durante alguns minutos e enxaguar, depois utilizar uma luva de esfolia\u00e7\u00e3o para remover as c\u00e9lulas mortas.<\/span><\/p>\n<div id=\":9l.co\" class=\"JL\">\n<div id=\":9n.ma\" class=\"Mu SP\">\n<div class=\"tL8wMe xAWnQc\" dir=\"ltr\"><b>Nome da marca:<\/b>\u00c1guia verde<br \/>\n<b>Proveni\u00eancia:<\/b>Marrocos<b><br \/>\n<\/b><b>Peso:<\/b>200g\/unidade<\/div>\n<\/div>\n<\/div>\n<p style=\"color: #777777;\">","protected":false},"excerpt":{"rendered":"<p>Oferecemos-lhe este\u00a0<strong>Sabonete de pera espinhosa preta 250<\/strong><strong>g<\/strong><strong>\u00a0<\/strong>vendido em embalagens de 12 unidades.<\/p>\n<p>Pre\u00e7o de venda recomendado: 4,00-5,00 euros.<\/p>\n<p>1 lote :\u00a0<span style=\"color: #0ad227;\">1,19\/pe\u00e7a X 12 = 14,28 euros<\/span><\/p>\n<p>&nbsp;<\/p>","protected":false},"featured_media":32679,"template":"","meta":[],"product_brand":[],"product_cat":[401,428,59],"product_tag":[258,974,671],"class_list":{"0":"post-29957","1":"product","2":"type-product","3":"status-publish","4":"has-post-thumbnail","6":"product_cat-produits-du-hammam","7":"product_cat-savon-noir-produits-du-hammam","8":"product_cat-soin-et-bien-etre","9":"product_tag-en-gros","10":"product_tag-grossiste","11":"product_tag-savon-noir-a-la-figue-de-barbarie","12":"pa_lot-158","13":"pa_lot-160","14":"pa_lot-159","16":"first","17":"instock","18":"shipping-taxable","19":"purchasable","20":"product-type-simple"},"_links":{"self":[{"href":"https:\/\/ventesengros.fr\/pt\/wp-json\/wp\/v2\/product\/29957","targetHints":{"allow":["GET"]}}],"collection":[{"href":"https:\/\/ventesengros.fr\/pt\/wp-json\/wp\/v2\/product"}],"about":[{"href":"https:\/\/ventesengros.fr\/pt\/wp-json\/wp\/v2\/types\/product"}],"wp:featuredmedia":[{"embeddable":true,"href":"https:\/\/ventesengros.fr\/pt\/wp-json\/wp\/v2\/media\/32679"}],"wp:attachment":[{"href":"https:\/\/ventesengros.fr\/pt\/wp-json\/wp\/v2\/media?parent=29957"}],"wp:term":[{"taxonomy":"product_brand","embeddable":true,"href":"https:\/\/ventesengros.fr\/pt\/wp-json\/wp\/v2\/product_brand?post=29957"},{"taxonomy":"product_cat","embeddable":true,"href":"https:\/\/ventesengros.fr\/pt\/wp-json\/wp\/v2\/product_cat?post=29957"},{"taxonomy":"product_tag","embeddable":true,"href":"https:\/\/ventesengros.fr\/pt\/wp-json\/wp\/v2\/product_tag?post=29957"}],"curies":[{"name":"wp","href":"https:\/\/api.w.org\/{rel}","templated":true}]}}

Sabão preto de figo da Índia - 200g - (conjunto de 12 frascos)

<p><strong>Propriedades:</strong></p>
<p style="color: #777777;"><span class="null">O sabão preto é natural e à base de plantas. Elimina as células mortas, deixando a sua pele macia e acetinada. A pera espinhosa combate o envelhecimento cutâneo e restaura a tonicidade e a firmeza da pele. Aplicar o sabão preto na pele quente e húmida durante alguns minutos e enxaguar, depois utilizar uma luva de esfoliação para remover as células mortas.</span></p>
<div id=":9l.co" class="JL">
<div id=":9n.ma" class="Mu SP">
<div class="tL8wMe xAWnQc" dir="ltr"><b>Nome da marca:</b>Águia verde<br />
<b>Proveniência:</b>Marrocos<b><br />
</b><b>Peso:</b>200g/unidade</div>
</div>
</div>
<p style="color: #777777;">

<p>Oferecemos-lhe este <strong>Sabonete de pera espinhosa preta 250</strong><strong>g</strong><strong> </strong>vendido em embalagens de 12 unidades.</p>
<p>Preço de venda recomendado: 4,00-5,00 euros.</p>
<p>1 lote : <span style="color: #0ad227;">1,19/peça X 12 = 14,28 euros</span></p>
<p>&nbsp;</p>
