{"id":28811,"date":"2014-07-03T19:24:03","date_gmt":"2014-07-03T18:24:03","guid":{"rendered":"http:\/\/pietra-communication.com\/ventesengros.fr\/?post_type=product&#038;p=28811"},"modified":"2022-06-30T23:28:31","modified_gmt":"2022-06-30T22:28:31","slug":"serum-lhuile-dargan-capilys","status":"publish","type":"product","link":"https:\/\/ventesengros.fr\/pt\/grossiste\/capilys-dargan-oil-serum\/","title":{"rendered":"S\u00e9rum de \u00f3leo de arg\u00e3o X 12"},"content":{"rendered":"<p><strong>Propriedade:<\/strong><\/p>\n<p>S\u00e9rum sem enxaguamento para pontas secas ou danificadas<\/p>\n<p>Vai notar a diferen\u00e7a logo na primeira aplica\u00e7\u00e3o. Os benef\u00edcios do \u00f3leo de arg\u00e3o conferem ao s\u00e9rum ativo propriedades reestruturantes para os cabelos enfraquecidos. Muito rapidamente, o s\u00e9rum ativo suaviza os seus cabelos e deixa-os macios e flex\u00edveis.<\/p>\n<p><strong>Como o utilizar:<\/strong><\/p>\n<p>Aplicar com os dedos nos cabelos lavados e secos com toalha ou nos cabelos secos. Distribuir 4 a 5 doses de Serum CAPILYS nas pontas e depois esfregar. N\u00e3o enxaguar.<\/p>\n<div id=\":9n.co\" class=\"tL8wMe xAWnQc\" dir=\"ltr\"><b>Capacidade :<\/b>30mL<\/div>\n<div class=\"tL8wMe xAWnQc\" dir=\"ltr\"><b><b>Proveni\u00eancia:<\/b><\/b>Marrocos<b><b><br \/>\n<\/b><\/b><b>Peso:<\/b>140g\/pe\u00e7a<\/div>\n<p>&nbsp;<\/p>","protected":false},"excerpt":{"rendered":"<p>Oferecemos-lhe este <strong>S\u00e9rum capilar com \u00f3leo de arg\u00e3o 30mL<\/strong><strong><span style=\"color: #000000;\">\u00a0<\/span><\/strong>vendido em embalagens de 12 unidades.<\/p>\n<p>Pre\u00e7o de venda recomendado: 9,90 euros.<\/p>\n<p>1 lote :\u00a0<span style=\"color: #0ad227;\">3,19\/pe\u00e7a X 12 = 38,28 euros<\/span><\/p>","protected":false},"featured_media":28815,"template":"","meta":[],"product_brand":[],"product_cat":[59],"product_tag":[310,258,974,524,404],"class_list":{"0":"post-28811","1":"product","2":"type-product","3":"status-publish","4":"has-post-thumbnail","6":"product_cat-soin-et-bien-etre","7":"product_tag-capilys","8":"product_tag-en-gros","9":"product_tag-grossiste","10":"product_tag-serum-a-l-huile-dargan","11":"product_tag-serum-capillaire-2","12":"pa_lot-158","13":"pa_lot-160","14":"pa_lot-159","16":"first","17":"instock","18":"shipping-taxable","19":"purchasable","20":"product-type-simple"},"_links":{"self":[{"href":"https:\/\/ventesengros.fr\/pt\/wp-json\/wp\/v2\/product\/28811","targetHints":{"allow":["GET"]}}],"collection":[{"href":"https:\/\/ventesengros.fr\/pt\/wp-json\/wp\/v2\/product"}],"about":[{"href":"https:\/\/ventesengros.fr\/pt\/wp-json\/wp\/v2\/types\/product"}],"wp:featuredmedia":[{"embeddable":true,"href":"https:\/\/ventesengros.fr\/pt\/wp-json\/wp\/v2\/media\/28815"}],"wp:attachment":[{"href":"https:\/\/ventesengros.fr\/pt\/wp-json\/wp\/v2\/media?parent=28811"}],"wp:term":[{"taxonomy":"product_brand","embeddable":true,"href":"https:\/\/ventesengros.fr\/pt\/wp-json\/wp\/v2\/product_brand?post=28811"},{"taxonomy":"product_cat","embeddable":true,"href":"https:\/\/ventesengros.fr\/pt\/wp-json\/wp\/v2\/product_cat?post=28811"},{"taxonomy":"product_tag","embeddable":true,"href":"https:\/\/ventesengros.fr\/pt\/wp-json\/wp\/v2\/product_tag?post=28811"}],"curies":[{"name":"wp","href":"https:\/\/api.w.org\/{rel}","templated":true}]}}

Sérum de óleo de argão X 12

<p><strong>Propriedade:</strong></p>
<p>Sérum sem enxaguamento para pontas secas ou danificadas</p>
<p>Vai notar a diferença logo na primeira aplicação. Os benefícios do óleo de argão conferem ao sérum ativo propriedades reestruturantes para os cabelos enfraquecidos. Muito rapidamente, o sérum ativo suaviza os seus cabelos e deixa-os macios e flexíveis.</p>
<p><strong>Como o utilizar:</strong></p>
<p>Aplicar com os dedos nos cabelos lavados e secos com toalha ou nos cabelos secos. Distribuir 4 a 5 doses de Serum CAPILYS nas pontas e depois esfregar. Não enxaguar.</p>
<div id=":9n.co" class="tL8wMe xAWnQc" dir="ltr"><b>Capacidade :</b>30mL</div>
<div class="tL8wMe xAWnQc" dir="ltr"><b><b>Proveniência:</b></b>Marrocos<b><b><br />
</b></b><b>Peso:</b>140g/peça</div>
<p>&nbsp;</p>

<p>Oferecemos-lhe este <strong>Sérum capilar com óleo de argão 30mL</strong><strong><span style="color: #000000;"> </span></strong>vendido em embalagens de 12 unidades.</p>
<p>Preço de venda recomendado: 9,90 euros.</p>
<p>1 lote : <span style="color: #0ad227;">3,19/peça X 12 = 38,28 euros</span></p>
