{"id":37613,"date":"2019-11-27T15:15:05","date_gmt":"2019-11-27T14:15:05","guid":{"rendered":"https:\/\/ventesengros.fr\/?page_id=37613"},"modified":"2024-04-24T15:44:18","modified_gmt":"2024-04-24T14:44:18","slug":"sourcing-et-marque-blanche","status":"publish","type":"page","link":"https:\/\/ventesengros.fr\/pt\/aprovisionamento-e-rotulagem-branca\/","title":{"rendered":"Fornecedor de marca branca na Fran\u00e7a e internacional"},"content":{"rendered":"<div class=\"container section-title-container\" ><h2 class=\"section-title section-title-center\"><b aria-hidden=\"true\"><\/b><span class=\"section-title-main\" style=\"font-size:90%;color:rgb(191, 126, 0);\">Conce\u00e7\u00e3o visual de produtos<\/span><b aria-hidden=\"true\"><\/b><\/h2><\/div>\n<div class=\"row\"  id=\"row-1621546154\">\n\n\t<div id=\"col-1398463482\" class=\"col medium-6 small-12 large-6\"  >\n\t\t\t\t<div class=\"col-inner\"  >\n\t\t\t\n\t\t\t\n\t<div class=\"img has-hover x md-x lg-x y md-y lg-y\" id=\"image_900677504\">\n\t\t\t\t\t\t\t\t<div class=\"img-inner dark\" >\n\t\t\t<img loading=\"lazy\" decoding=\"async\" width=\"600\" height=\"600\" src=\"https:\/\/ventesengros.fr\/wp-content\/uploads\/2023\/11\/gelules-costus-indien.jpg\" class=\"attachment-original size-original\" alt=\"C\u00e1psulas de costus indiano\" srcset=\"https:\/\/ventesengros.fr\/wp-content\/uploads\/2023\/11\/gelules-costus-indien.jpg 600w, https:\/\/ventesengros.fr\/wp-content\/uploads\/2023\/11\/gelules-costus-indien-150x150.jpg 150w, https:\/\/ventesengros.fr\/wp-content\/uploads\/2023\/11\/gelules-costus-indien-300x300.jpg 300w, https:\/\/ventesengros.fr\/wp-content\/uploads\/2023\/11\/gelules-costus-indien-100x100.jpg 100w\" sizes=\"auto, (max-width: 600px) 100vw, 600px\" \/>\t\t\t\t\t\t\n\t\t\t\t\t<\/div>\n\t\t\t\t\t\t\t\t\n<style>\n#image_900677504 {\n  width: 100%;\n}\n<\/style>\n\t<\/div>\n\t\n\t\t<\/div>\n\t\t\t\t\t<\/div>\n\n\t\n\n\t<div id=\"col-1391617573\" class=\"col medium-6 small-12 large-6\"  >\n\t\t\t\t<div class=\"col-inner\"  >\n\t\t\t\n\t\t\t\n\t<div class=\"img has-hover x md-x lg-x y md-y lg-y\" id=\"image_36008279\">\n\t\t\t\t\t\t\t\t<div class=\"img-inner dark\" >\n\t\t\t<img loading=\"lazy\" decoding=\"async\" width=\"600\" height=\"600\" src=\"https:\/\/ventesengros.fr\/wp-content\/uploads\/2023\/11\/huile-olive-coranisee.jpg\" class=\"attachment-original size-original\" alt=\"Azeite cor\u00e2nico\" srcset=\"https:\/\/ventesengros.fr\/wp-content\/uploads\/2023\/11\/huile-olive-coranisee.jpg 600w, https:\/\/ventesengros.fr\/wp-content\/uploads\/2023\/11\/huile-olive-coranisee-150x150.jpg 150w, https:\/\/ventesengros.fr\/wp-content\/uploads\/2023\/11\/huile-olive-coranisee-300x300.jpg 300w, https:\/\/ventesengros.fr\/wp-content\/uploads\/2023\/11\/huile-olive-coranisee-100x100.jpg 100w\" sizes=\"auto, (max-width: 600px) 100vw, 600px\" \/>\t\t\t\t\t\t\n\t\t\t\t\t<\/div>\n\t\t\t\t\t\t\t\t\n<style>\n#image_36008279 {\n  width: 100%;\n}\n<\/style>\n\t<\/div>\n\t\n\t\t<\/div>\n\t\t\t\t\t<\/div>\n\n\t\n<\/div>\n<a href=\"https:\/\/ventesengros.fr\/pt\/contacto\/\" class=\"button secondary expand\" style=\"border-radius:99px;\">\n\t\t<span>Entre em contacto connosco!<\/span>\n\t<i class=\"icon-phone\" aria-hidden=\"true\"><\/i><\/a>\n\n<div class=\"container section-title-container\" ><h2 class=\"section-title section-title-center\"><b aria-hidden=\"true\"><\/b><span class=\"section-title-main\" style=\"font-size:90%;color:rgb(191, 126, 0);\">Conce\u00e7\u00e3o de etiquetas de produtos<\/span><b aria-hidden=\"true\"><\/b><\/h2><\/div>\n<div class=\"row\"  id=\"row-474401211\">\n\n\t<div id=\"col-842818067\" class=\"col medium-6 small-12 large-6\"  >\n\t\t\t\t<div class=\"col-inner\"  >\n\t\t\t\n\t\t\t\n\t<div class=\"img has-hover x md-x lg-x y md-y lg-y\" id=\"image_2002888368\">\n\t\t\t\t\t\t\t\t<div class=\"img-inner dark\" >\n\t\t\t<img loading=\"lazy\" decoding=\"async\" width=\"600\" height=\"600\" src=\"https:\/\/ventesengros.fr\/wp-content\/uploads\/2023\/11\/savon-argan.jpg\" class=\"attachment-original size-original\" alt=\"sab\u00e3o de arg\u00e3o\" srcset=\"https:\/\/ventesengros.fr\/wp-content\/uploads\/2023\/11\/savon-argan.jpg 600w, https:\/\/ventesengros.fr\/wp-content\/uploads\/2023\/11\/savon-argan-150x150.jpg 150w, https:\/\/ventesengros.fr\/wp-content\/uploads\/2023\/11\/savon-argan-300x300.jpg 300w, https:\/\/ventesengros.fr\/wp-content\/uploads\/2023\/11\/savon-argan-100x100.jpg 100w\" sizes=\"auto, (max-width: 600px) 100vw, 600px\" \/>\t\t\t\t\t\t\n\t\t\t\t\t<\/div>\n\t\t\t\t\t\t\t\t\n<style>\n#image_2002888368 {\n  width: 100%;\n}\n<\/style>\n\t<\/div>\n\t\n\t\t<\/div>\n\t\t\t\t\t<\/div>\n\n\t\n\n\t<div id=\"col-805141031\" class=\"col medium-6 small-12 large-6\"  >\n\t\t\t\t<div class=\"col-inner\"  >\n\t\t\t\n\t\t\t\n\t<div class=\"img has-hover x md-x lg-x y md-y lg-y\" id=\"image_2083228294\">\n\t\t\t\t\t\t\t\t<div class=\"img-inner dark\" >\n\t\t\t<img loading=\"lazy\" decoding=\"async\" width=\"600\" height=\"600\" src=\"https:\/\/ventesengros.fr\/wp-content\/uploads\/2023\/11\/daya-imperial.jpg\" class=\"attachment-original size-original\" alt=\"daya imperial\" srcset=\"https:\/\/ventesengros.fr\/wp-content\/uploads\/2023\/11\/daya-imperial.jpg 600w, https:\/\/ventesengros.fr\/wp-content\/uploads\/2023\/11\/daya-imperial-150x150.jpg 150w, https:\/\/ventesengros.fr\/wp-content\/uploads\/2023\/11\/daya-imperial-300x300.jpg 300w, https:\/\/ventesengros.fr\/wp-content\/uploads\/2023\/11\/daya-imperial-100x100.jpg 100w\" sizes=\"auto, (max-width: 600px) 100vw, 600px\" \/>\t\t\t\t\t\t\n\t\t\t\t\t<\/div>\n\t\t\t\t\t\t\t\t\n<style>\n#image_2083228294 {\n  width: 100%;\n}\n<\/style>\n\t<\/div>\n\t\n\t\t<\/div>\n\t\t\t\t\t<\/div>\n\n\t\n<\/div>\n<a href=\"https:\/\/ventesengros.fr\/pt\/contacto\/\" class=\"button secondary expand\" style=\"border-radius:99px;\">\n\t\t<span>Entre em contacto connosco!<\/span>\n\t<i class=\"icon-phone\" aria-hidden=\"true\"><\/i><\/a>\n\n<p>O seu\u00a0<strong>atacadista online\u00a0<\/strong><em>Orient Wholesaler<\/em>\u00a0tamb\u00e9m se destaca como um\u00a0<strong>fornecedor de marcas brancas em Fran\u00e7a. <\/strong>Um servi\u00e7o por medida, concebido por profissionais, para profissionais. N\u00e3o tenha medo de arriscar e n\u00e3o corra o risco de perder um projeto audacioso!<\/p>\n<p>Poupe tempo e dinheiro embarcando numa\u00a0<strong>pr\u00e1tica comercial\u00a0<\/strong>ultra-interessante...<\/p>\n<h2><strong>Porqu\u00ea optar por um fornecedor de marca branca em Fran\u00e7a?\u00a0<\/strong><\/h2>\n<p>Antes de mais, \u00e9 preciso saber que uma marca branca \u00e9 um tipo de produto ou servi\u00e7o que \u00e9 fabricado ou fornecido por uma empresa. Neste caso, n\u00f3s pr\u00f3prios! \u00c9 depois revendido sob uma marca diferente. Isto permite \u00e0s empresas vender produtos ou servi\u00e7os sem terem de se preocupar com a embalagem ou o design. Tamb\u00e9m n\u00e3o tem de se preocupar com a embalagem.<\/p>\n<p>Quais s\u00e3o as vantagens de o fazer desta forma?<\/p>\n<p>Existem imensos! Ao criar uma marca branca, tudo o que tem de fazer \u00e9 escolher o produto que pretende. N\u00f3s tratamos de tudo o resto! Ficar\u00e1 com um produto chave na m\u00e3o que reflecte a sua marca.<\/p>\n<p>Em conclus\u00e3o, a utiliza\u00e7\u00e3o de um fornecedor de marca branca em Fran\u00e7a permite-lhe\u00a0<strong>poupar tempo e dinheiro\u00a0<\/strong>! Isto pode tamb\u00e9m permitir-lhe posicionar-se em mercados onde a concorr\u00eancia \u00e9 mais fraca. Assim, pode oferecer um produto a um pre\u00e7o mais baixo. As marcas brancas podem dar \u00e0s empresas acesso a mercados que, de outra forma, estariam fechados para elas.<\/p>\n<h2><strong>Que tipos de produtos podem ser fornecidos por um fornecedor franc\u00eas de marca branca?\u00a0<\/strong><\/h2>\n<p>Todos eles. Em\u00a0<em>Orient Wholesaler<\/em>, Dispomos de uma vasta escolha em muitas gamas. Com a nossa gama diversificada, encontrar\u00e1 certamente o que falta no seu pr\u00f3prio mercado. E como fornecedor de marca branca em Fran\u00e7a, estamos empenhados em prestar-lhe um servi\u00e7o de qualidade!<\/p>\n<p>Se, por exemplo, quiser entrar no\u00a0<strong>produtos de beleza naturais,\u00a0<\/strong>ficar\u00e1 encantado por saber que estamos a diversificar a nossa gama. Encontrar\u00e1 uma vasta gama de produtos, nomeadamente\u00a0<strong>\u00f3leo de arg\u00e3o, <a href=\"https:\/\/ventesengros.fr\/pt\/product-category\/soin-et-bien-etre\/savon-soin-et-bien-etre\/savon-noir-produits-du-hammam\/\">sab\u00e3o preto<\/a><\/strong>\u00a0ou o famoso\u00a0<strong>Luva de esfregar Kessah.<\/strong><\/p>\n<p>Mas tamb\u00e9m muitos outros produtos, como a alimenta\u00e7\u00e3o. E num pa\u00eds como Marrocos, \u00e9 certo que encontrar\u00e1 uma grande variedade de produtos.\u00a0<strong>qualidade barata<\/strong>\u00a0! Pre\u00e7os imbat\u00edveis para alimentos naturais como<strong>\u00a0mel de laranjeira<\/strong>, ou delicioso\u00a0<strong>datas<\/strong>.<\/p>\n<h3><strong>Para saber mais...\u00a0<\/strong><\/h3>\n<p>Se est\u00e1 \u00e0 procura de um fornecedor de marca branca em Fran\u00e7a, ficar\u00e1 encantado por saber que tamb\u00e9m fazemos\u00a0<strong>aprovisionamento<\/strong>.<\/p>\n<p>Por outras palavras, o seu<strong>\u00a0atacadista online\u00a0<\/strong>permite-lhe encontrar exatamente o produto de que necessita. Para o efeito, cri\u00e1mos uma rede de artes\u00e3os e profissionais em Marrocos. Mas se o que procura n\u00e3o estiver dispon\u00edvel ou n\u00e3o corresponder \u00e0 sua ideia do que pretende, h\u00e1 uma solu\u00e7\u00e3o! Pode mandar fazer.<\/p>\n<p>Como pode ver, existem in\u00fameros recursos em\u00a0<em>Orient Wholesaler.<\/em>\u00a0Orgulhamo-nos de poder oferecer-lhe servi\u00e7os de marca branca e de sourcing. Tudo em\u00a0<strong>pre\u00e7os baixos!\u00a0<\/strong><\/p>\n<h3><strong>Escolher jogadores experientes em cada dom\u00ednio<\/strong><\/h3>\n<p>A Vitrobio \u00e9 uma empresa especializada no fabrico de dispositivos m\u00e9dicos de marca branca. Efectua investiga\u00e7\u00e3o e desenvolvimento, incluindo colabora\u00e7\u00f5es com o INSERM, e produz os seus produtos internamente. <a href=\"https:\/\/www.vitrobio.com\/fr\" target=\"_blank\" rel=\"noopener\"><strong>Vitrobio<\/strong><\/a> est\u00e1 empenhada em cumprir as normas regulamentares, como a ISO 13485 e a MDR 2017-745, garantindo a qualidade e a conformidade dos seus produtos.<\/p>\n<p>Oferecem uma variedade de dispositivos m\u00e9dicos para diferentes patologias e t\u00eam tecnologias de pol\u00edmeros patenteadas. Para mais informa\u00e7\u00f5es, visite o seu s\u00edtio Web.<\/p>","protected":false},"excerpt":{"rendered":"<p>Votre\u00a0grossiste en ligne\u00a0Orient Grossiste\u00a0se d\u00e9marque \u00e9galement en tant que\u00a0fournisseur marque blanche en France. Un service sur mesure, pens\u00e9 par des professionnels, pour des professionnels. N\u2019ayez plus peur d\u2019entreprendre et ne prenez pas le risque de passer \u00e0 c\u00f4t\u00e9 d\u2019un projet audacieux ! Gagnez du temps et de l\u2019argent en vous lan\u00e7ant dans une\u00a0pratique commerciale\u00a0ultra-int\u00e9ressante\u2026 Pourquoi [&#8230;]\n","protected":false},"author":1,"featured_media":0,"parent":0,"menu_order":0,"comment_status":"closed","ping_status":"closed","template":"","meta":{"footnotes":""},"class_list":["post-37613","page","type-page","status-publish","hentry"],"_links":{"self":[{"href":"https:\/\/ventesengros.fr\/pt\/wp-json\/wp\/v2\/pages\/37613","targetHints":{"allow":["GET"]}}],"collection":[{"href":"https:\/\/ventesengros.fr\/pt\/wp-json\/wp\/v2\/pages"}],"about":[{"href":"https:\/\/ventesengros.fr\/pt\/wp-json\/wp\/v2\/types\/page"}],"author":[{"embeddable":true,"href":"https:\/\/ventesengros.fr\/pt\/wp-json\/wp\/v2\/users\/1"}],"replies":[{"embeddable":true,"href":"https:\/\/ventesengros.fr\/pt\/wp-json\/wp\/v2\/comments?post=37613"}],"version-history":[{"count":4,"href":"https:\/\/ventesengros.fr\/pt\/wp-json\/wp\/v2\/pages\/37613\/revisions"}],"predecessor-version":[{"id":60624,"href":"https:\/\/ventesengros.fr\/pt\/wp-json\/wp\/v2\/pages\/37613\/revisions\/60624"}],"wp:attachment":[{"href":"https:\/\/ventesengros.fr\/pt\/wp-json\/wp\/v2\/media?parent=37613"}],"curies":[{"name":"wp","href":"https:\/\/api.w.org\/{rel}","templated":true}]}}

Fornecedor de marca branca na França e internacional

<div class="container section-title-container" ><h2 class="section-title section-title-center"><b aria-hidden="true"></b><span class="section-title-main" style="font-size:90%;color:rgb(191, 126, 0);">Conceção visual de produtos</span><b aria-hidden="true"></b></h2></div>
<div class="row"  id="row-1621546154">

	<div id="col-1398463482" class="col medium-6 small-12 large-6"  >
				<div class="col-inner"  >
			
			
	<div class="img has-hover x md-x lg-x y md-y lg-y" id="image_900677504">
								<div class="img-inner dark" >
			<img loading="lazy" decoding="async" width="600" height="600" src="https://ventesengros.fr/wp-content/uploads/2023/11/gelules-costus-indien.jpg" class="attachment-original size-original" alt="Cápsulas de costus indiano" srcset="https://ventesengros.fr/wp-content/uploads/2023/11/gelules-costus-indien.jpg 600w, https://ventesengros.fr/wp-content/uploads/2023/11/gelules-costus-indien-150x150.jpg 150w, https://ventesengros.fr/wp-content/uploads/2023/11/gelules-costus-indien-300x300.jpg 300w, https://ventesengros.fr/wp-content/uploads/2023/11/gelules-costus-indien-100x100.jpg 100w" sizes="auto, (max-width: 600px) 100vw, 600px" />						
					</div>
								
<style>
#image_900677504 {
  width: 100%;
}
</style>
	</div>
	
		</div>
					</div>

	

	<div id="col-1391617573" class="col medium-6 small-12 large-6"  >
				<div class="col-inner"  >
			
			
	<div class="img has-hover x md-x lg-x y md-y lg-y" id="image_36008279">
								<div class="img-inner dark" >
			<img loading="lazy" decoding="async" width="600" height="600" src="https://ventesengros.fr/wp-content/uploads/2023/11/huile-olive-coranisee.jpg" class="attachment-original size-original" alt="Azeite corânico" srcset="https://ventesengros.fr/wp-content/uploads/2023/11/huile-olive-coranisee.jpg 600w, https://ventesengros.fr/wp-content/uploads/2023/11/huile-olive-coranisee-150x150.jpg 150w, https://ventesengros.fr/wp-content/uploads/2023/11/huile-olive-coranisee-300x300.jpg 300w, https://ventesengros.fr/wp-content/uploads/2023/11/huile-olive-coranisee-100x100.jpg 100w" sizes="auto, (max-width: 600px) 100vw, 600px" />						
					</div>
								
<style>
#image_36008279 {
  width: 100%;
}
</style>
	</div>
	
		</div>
					</div>

	
</div>
<a href="https://ventesengros.fr/pt/contacto/" class="button secondary expand" style="border-radius:99px;">
		<span>Entre em contacto connosco!</span>
	<i class="icon-phone" aria-hidden="true"></i></a>

<div class="container section-title-container" ><h2 class="section-title section-title-center"><b aria-hidden="true"></b><span class="section-title-main" style="font-size:90%;color:rgb(191, 126, 0);">Conceção de etiquetas de produtos</span><b aria-hidden="true"></b></h2></div>
<div class="row"  id="row-474401211">

	<div id="col-842818067" class="col medium-6 small-12 large-6"  >
				<div class="col-inner"  >
			
			
	<div class="img has-hover x md-x lg-x y md-y lg-y" id="image_2002888368">
								<div class="img-inner dark" >
			<img loading="lazy" decoding="async" width="600" height="600" src="https://ventesengros.fr/wp-content/uploads/2023/11/savon-argan.jpg" class="attachment-original size-original" alt="sabão de argão" srcset="https://ventesengros.fr/wp-content/uploads/2023/11/savon-argan.jpg 600w, https://ventesengros.fr/wp-content/uploads/2023/11/savon-argan-150x150.jpg 150w, https://ventesengros.fr/wp-content/uploads/2023/11/savon-argan-300x300.jpg 300w, https://ventesengros.fr/wp-content/uploads/2023/11/savon-argan-100x100.jpg 100w" sizes="auto, (max-width: 600px) 100vw, 600px" />						
					</div>
								
<style>
#image_2002888368 {
  width: 100%;
}
</style>
	</div>
	
		</div>
					</div>

	

	<div id="col-805141031" class="col medium-6 small-12 large-6"  >
				<div class="col-inner"  >
			
			
	<div class="img has-hover x md-x lg-x y md-y lg-y" id="image_2083228294">
								<div class="img-inner dark" >
			<img loading="lazy" decoding="async" width="600" height="600" src="https://ventesengros.fr/wp-content/uploads/2023/11/daya-imperial.jpg" class="attachment-original size-original" alt="daya imperial" srcset="https://ventesengros.fr/wp-content/uploads/2023/11/daya-imperial.jpg 600w, https://ventesengros.fr/wp-content/uploads/2023/11/daya-imperial-150x150.jpg 150w, https://ventesengros.fr/wp-content/uploads/2023/11/daya-imperial-300x300.jpg 300w, https://ventesengros.fr/wp-content/uploads/2023/11/daya-imperial-100x100.jpg 100w" sizes="auto, (max-width: 600px) 100vw, 600px" />						
					</div>
								
<style>
#image_2083228294 {
  width: 100%;
}
</style>
	</div>
	
		</div>
					</div>

	
</div>
<a href="https://ventesengros.fr/pt/contacto/" class="button secondary expand" style="border-radius:99px;">
		<span>Entre em contacto connosco!</span>
	<i class="icon-phone" aria-hidden="true"></i></a>

<p>O seu <strong>atacadista online </strong><em>Orient Wholesaler</em> também se destaca como um <strong>fornecedor de marcas brancas em França. </strong>Um serviço por medida, concebido por profissionais, para profissionais. Não tenha medo de arriscar e não corra o risco de perder um projeto audacioso!</p>
<p>Poupe tempo e dinheiro embarcando numa <strong>prática comercial </strong>ultra-interessante...</p>
<h2><strong>Porquê optar por um fornecedor de marca branca em França? </strong></h2>
<p>Antes de mais, é preciso saber que uma marca branca é um tipo de produto ou serviço que é fabricado ou fornecido por uma empresa. Neste caso, nós próprios! É depois revendido sob uma marca diferente. Isto permite às empresas vender produtos ou serviços sem terem de se preocupar com a embalagem ou o design. Também não tem de se preocupar com a embalagem.</p>
<p>Quais são as vantagens de o fazer desta forma?</p>
<p>Existem imensos! Ao criar uma marca branca, tudo o que tem de fazer é escolher o produto que pretende. Nós tratamos de tudo o resto! Ficará com um produto chave na mão que reflecte a sua marca.</p>
<p>Em conclusão, a utilização de um fornecedor de marca branca em França permite-lhe <strong>poupar tempo e dinheiro </strong>! Isto pode também permitir-lhe posicionar-se em mercados onde a concorrência é mais fraca. Assim, pode oferecer um produto a um preço mais baixo. As marcas brancas podem dar às empresas acesso a mercados que, de outra forma, estariam fechados para elas.</p>
<h2><strong>Que tipos de produtos podem ser fornecidos por um fornecedor francês de marca branca? </strong></h2>
<p>Todos eles. Em <em>Orient Wholesaler</em>, Dispomos de uma vasta escolha em muitas gamas. Com a nossa gama diversificada, encontrará certamente o que falta no seu próprio mercado. E como fornecedor de marca branca em França, estamos empenhados em prestar-lhe um serviço de qualidade!</p>
<p>Se, por exemplo, quiser entrar no <strong>produtos de beleza naturais, </strong>ficará encantado por saber que estamos a diversificar a nossa gama. Encontrará uma vasta gama de produtos, nomeadamente <strong>óleo de argão, <a href="https://ventesengros.fr/pt/product-category/soin-et-bien-etre/savon-soin-et-bien-etre/savon-noir-produits-du-hammam/">sabão preto</a></strong> ou o famoso <strong>Luva de esfregar Kessah.</strong></p>
<p>Mas também muitos outros produtos, como a alimentação. E num país como Marrocos, é certo que encontrará uma grande variedade de produtos. <strong>qualidade barata</strong> ! Preços imbatíveis para alimentos naturais como<strong> mel de laranjeira</strong>, ou delicioso <strong>datas</strong>.</p>
<h3><strong>Para saber mais... </strong></h3>
<p>Se está à procura de um fornecedor de marca branca em França, ficará encantado por saber que também fazemos <strong>aprovisionamento</strong>.</p>
<p>Por outras palavras, o seu<strong> atacadista online </strong>permite-lhe encontrar exatamente o produto de que necessita. Para o efeito, criámos uma rede de artesãos e profissionais em Marrocos. Mas se o que procura não estiver disponível ou não corresponder à sua ideia do que pretende, há uma solução! Pode mandar fazer.</p>
<p>Como pode ver, existem inúmeros recursos em <em>Orient Wholesaler.</em> Orgulhamo-nos de poder oferecer-lhe serviços de marca branca e de sourcing. Tudo em <strong>preços baixos! </strong></p>
<h3><strong>Escolher jogadores experientes em cada domínio</strong></h3>
<p>A Vitrobio é uma empresa especializada no fabrico de dispositivos médicos de marca branca. Efectua investigação e desenvolvimento, incluindo colaborações com o INSERM, e produz os seus produtos internamente. <a href="https://www.vitrobio.com/fr" target="_blank" rel="noopener"><strong>Vitrobio</strong></a> está empenhada em cumprir as normas regulamentares, como a ISO 13485 e a MDR 2017-745, garantindo a qualidade e a conformidade dos seus produtos.</p>
<p>Oferecem uma variedade de dispositivos médicos para diferentes patologias e têm tecnologias de polímeros patenteadas. Para mais informações, visite o seu sítio Web.</p>

<p>Votre grossiste en ligne Orient Grossiste se démarque également en tant que fournisseur marque blanche en France. Un service sur mesure, pensé par des professionnels, pour des professionnels. N’ayez plus peur d’entreprendre et ne prenez pas le risque de passer à côté d’un projet audacieux ! Gagnez du temps et de l’argent en vous lançant dans une pratique commerciale ultra-intéressante… Pourquoi [&#8230;]
