{"id":33929,"date":"2016-03-15T15:09:35","date_gmt":"2016-03-15T14:09:35","guid":{"rendered":"https:\/\/ventesengros.fr\/grossiste\/miel-de-thym-250g\/"},"modified":"2023-11-14T17:05:34","modified_gmt":"2023-11-14T16:05:34","slug":"miel-de-thym-250g","status":"publish","type":"product","link":"https:\/\/ventesengros.fr\/nl\/grossiste\/miel-de-thym-250g\/","title":{"rendered":"Tijmhoning - pot van 250 g (verpakking van 8 potten)"},"content":{"rendered":"<p>Le miel est l\u2019un des meilleurs m\u00e9dicaments naturels que l\u2019on peut encore trouver actuellement. Il en existe diff\u00e9rentes sortes, de qualit\u00e9 tr\u00e8s variable selon l\u2019origine du miel, de sa teneur en glucose ou encore de son ou ses pays d\u2019importation.<\/p>\n<h2><strong>Le Miel de Thym 250g, une recommandation pour vous :\u00a0<\/strong><\/h2>\n<p><b>Ori\u00ebnt Groothandel<\/b> met en vente sur son site en ligne le <b>miel de thym<\/b>, r\u00e9put\u00e9 pour ses impressionnantes vertus cicatrisantes gr\u00e2ce \u00e0 un ingr\u00e9dient propre au thym pr\u00e9sent dans ce miel. Il a pour effet de favoriser l\u2019acc\u00e9l\u00e9ration de la repousse des tissus de la peau, ce qui est incontestablement un excellent moyen naturel de soigner une plaie.<\/p>\n<p>Ce miel peut aussi \u00eatre utilis\u00e9 pour d\u00e9sinfecter une blessure, pour soigner une br\u00fblure l\u00e9g\u00e8re, les ulc\u00e8res, les aphtes et m\u00eame l\u2019acn\u00e9 si l\u2019on s\u2019en sert sous forme de masque sur le visage.<\/p>\n<p>Le <b>miel de thym 250g du Maroc<\/b> est reconnu pour \u00eatre un miel au go\u00fbt prononc\u00e9 et sa couleur fonc\u00e9e couleur ambre font de lui un miel de qualit\u00e9.<\/p>\n<p>Jouw <b>online groothandel<\/b> vous propose ce miel \u00e0 acheter <b>in bulk<\/b> \u00e0 un prix d\u00e9fiant toute concurrence\u00a0; un lot est constitu\u00e9 de 8 pots de 250 grammes l\u2019unit\u00e9 soit 2kg le lot, \u00e0 un prix de 55,92\u20ac, soit 6,99\u20ac l\u2019unit\u00e9. Nous vous faisons b\u00e9n\u00e9ficier d\u2019un prix unitaire moins cher \u00e0 partir de 2 lots achet\u00e9s.<\/p>\n<p>Le miel de thym est conditionn\u00e9 dans des bocaux en verre pour une bonne conservation, et seront bien sur prot\u00e9g\u00e9s lors du transport pour \u00e9viter toute casse ou autre d\u00e9gradation.<\/p>\n<p>Vous pouvez retrouver sur notre site diff\u00e9rents miels de qualit\u00e9 en provenance du Maroc en fonction de vos besoins. Pour toutes informations compl\u00e9mentaires, n\u2019h\u00e9sitez pas \u00e0 joindre notre service client disponible selon des plages horaires flexibles afin de r\u00e9pondre au mieux \u00e0 vos demandes.<\/p>\n<p>&nbsp;<\/p>","protected":false},"excerpt":{"rendered":"<p>Wij bieden u deze\u00a0<strong>Miel de Thym 250g\u00a0<\/strong>verkocht in verpakkingen van 8.<\/p>\n<p>1 kavel : <span style=\"color: #0ad227;\">8,50\u20ac\/Pi\u00e8ce X 8 = 68\u20ac<\/span><\/p>\n<p>&nbsp;<\/p>","protected":false},"featured_media":34709,"template":"","meta":[],"product_brand":[],"product_cat":[206,596,59],"product_tag":[258,974,63,1151],"class_list":{"0":"post-33929","1":"product","2":"type-product","3":"status-publish","4":"has-post-thumbnail","6":"product_cat-alimentation","7":"product_cat-miel-alimentation","8":"product_cat-soin-et-bien-etre","9":"product_tag-en-gros","10":"product_tag-grossiste","11":"product_tag-miel","12":"product_tag-thym","14":"first","15":"instock","16":"shipping-taxable","17":"purchasable","18":"product-type-simple"},"_links":{"self":[{"href":"https:\/\/ventesengros.fr\/nl\/wp-json\/wp\/v2\/product\/33929","targetHints":{"allow":["GET"]}}],"collection":[{"href":"https:\/\/ventesengros.fr\/nl\/wp-json\/wp\/v2\/product"}],"about":[{"href":"https:\/\/ventesengros.fr\/nl\/wp-json\/wp\/v2\/types\/product"}],"wp:featuredmedia":[{"embeddable":true,"href":"https:\/\/ventesengros.fr\/nl\/wp-json\/wp\/v2\/media\/34709"}],"wp:attachment":[{"href":"https:\/\/ventesengros.fr\/nl\/wp-json\/wp\/v2\/media?parent=33929"}],"wp:term":[{"taxonomy":"product_brand","embeddable":true,"href":"https:\/\/ventesengros.fr\/nl\/wp-json\/wp\/v2\/product_brand?post=33929"},{"taxonomy":"product_cat","embeddable":true,"href":"https:\/\/ventesengros.fr\/nl\/wp-json\/wp\/v2\/product_cat?post=33929"},{"taxonomy":"product_tag","embeddable":true,"href":"https:\/\/ventesengros.fr\/nl\/wp-json\/wp\/v2\/product_tag?post=33929"}],"curies":[{"name":"wp","href":"https:\/\/api.w.org\/{rel}","templated":true}]}}

<p>Le miel est l’un des meilleurs médicaments naturels que l’on peut encore trouver actuellement. Il en existe différentes sortes, de qualité très variable selon l’origine du miel, de sa teneur en glucose ou encore de son ou ses pays d’importation.</p>
<h2><strong>Le Miel de Thym 250g, une recommandation pour vous : </strong></h2>
<p><b>Oriënt Groothandel</b> met en vente sur son site en ligne le <b>miel de thym</b>, réputé pour ses impressionnantes vertus cicatrisantes grâce à un ingrédient propre au thym présent dans ce miel. Il a pour effet de favoriser l’accélération de la repousse des tissus de la peau, ce qui est incontestablement un excellent moyen naturel de soigner une plaie.</p>
<p>Ce miel peut aussi être utilisé pour désinfecter une blessure, pour soigner une brûlure légère, les ulcères, les aphtes et même l’acné si l’on s’en sert sous forme de masque sur le visage.</p>
<p>Le <b>miel de thym 250g du Maroc</b> est reconnu pour être un miel au goût prononcé et sa couleur foncée couleur ambre font de lui un miel de qualité.</p>
<p>Jouw <b>online groothandel</b> vous propose ce miel à acheter <b>in bulk</b> à un prix défiant toute concurrence ; un lot est constitué de 8 pots de 250 grammes l’unité soit 2kg le lot, à un prix de 55,92€, soit 6,99€ l’unité. Nous vous faisons bénéficier d’un prix unitaire moins cher à partir de 2 lots achetés.</p>
<p>Le miel de thym est conditionné dans des bocaux en verre pour une bonne conservation, et seront bien sur protégés lors du transport pour éviter toute casse ou autre dégradation.</p>
<p>Vous pouvez retrouver sur notre site différents miels de qualité en provenance du Maroc en fonction de vos besoins. Pour toutes informations complémentaires, n’hésitez pas à joindre notre service client disponible selon des plages horaires flexibles afin de répondre au mieux à vos demandes.</p>
<p>&nbsp;</p>

<p>Wij bieden u deze <strong>Miel de Thym 250g </strong>verkocht in verpakkingen van 8.</p>
<p>1 kavel : <span style="color: #0ad227;">8,50€/Pièce X 8 = 68€</span></p>
<p>&nbsp;</p>
