{"id":3059,"date":"2014-07-10T08:12:39","date_gmt":"2014-07-10T07:12:39","guid":{"rendered":"http:\/\/pietra-communication.com\/ventesengros.fr\/?post_type=product&#038;p=3059"},"modified":"2022-06-30T23:28:23","modified_gmt":"2022-06-30T22:28:23","slug":"creme-capillaire-dail-vatika","status":"publish","type":"product","link":"https:\/\/ventesengros.fr\/it\/grossiste\/crema-per-capelli-dail-vatika\/","title":{"rendered":"VATIKA Crema per capelli all'aglio X 12"},"content":{"rendered":"<p><strong>Propriet\u00e0:<\/strong><\/p>\n<p>Fin dall'antichit\u00e0 l'aglio \u00e8 noto per favorire la crescita naturale dei capelli. L'aglio \u00e8 una ricca fonte di minerali e vitamine, essenziali per il cuoio capelluto e per la salute dei capelli. \u00c8 stato formulato scientificamente per produrre questa maschera.<br \/>\n\u00c8 una crema di trattamento che, insieme ad altri ingredienti, rafforza le ciocche di capelli per prevenirne la rottura.<\/p>\n<div id=\":9n.co\" class=\"tL8wMe xAWnQc\" dir=\"ltr\"><b>Capacit\u00e0 :<\/b>500 ml<\/div>\n<div class=\"tL8wMe xAWnQc\" dir=\"ltr\"><b>Nome del marchio:<\/b>\u00a0\u00a0Vatika<br \/>\n<b><b>Provenienza:<\/b><\/b>Marocco<b><b><br \/>\n<\/b><\/b><b>Peso:<\/b>550g\/pezzo<\/div>","protected":false},"excerpt":{"rendered":"<p>Vi offriamo questo<strong>\u00a0VATIKA Crema per capelli all'aglio 500mL\u00a0<\/strong>venduto in confezioni da 12 pezzi.<\/p>\n<p>Prezzo al pubblico consigliato: 12,50 euro.<\/p>\n<p>1 lotto :\u00a0<span style=\"color: #0ad227;\">4,09\/pezzo X 12 = 49,08 euro<\/span><\/p>\n<p style=\"text-align: center;\">","protected":false},"featured_media":30257,"template":"","meta":[],"product_brand":[],"product_cat":[59],"product_tag":[163,132,109,299],"class_list":{"0":"post-3059","1":"product","2":"type-product","3":"status-publish","4":"has-post-thumbnail","6":"product_cat-soin-et-bien-etre","7":"product_tag-capillaire","8":"product_tag-creme","9":"product_tag-dail","10":"product_tag-vatika","11":"pa_lot-158","12":"pa_lot-160","13":"pa_lot-159","15":"first","16":"instock","17":"featured","18":"shipping-taxable","19":"purchasable","20":"product-type-simple"},"_links":{"self":[{"href":"https:\/\/ventesengros.fr\/it\/wp-json\/wp\/v2\/product\/3059","targetHints":{"allow":["GET"]}}],"collection":[{"href":"https:\/\/ventesengros.fr\/it\/wp-json\/wp\/v2\/product"}],"about":[{"href":"https:\/\/ventesengros.fr\/it\/wp-json\/wp\/v2\/types\/product"}],"wp:featuredmedia":[{"embeddable":true,"href":"https:\/\/ventesengros.fr\/it\/wp-json\/wp\/v2\/media\/30257"}],"wp:attachment":[{"href":"https:\/\/ventesengros.fr\/it\/wp-json\/wp\/v2\/media?parent=3059"}],"wp:term":[{"taxonomy":"product_brand","embeddable":true,"href":"https:\/\/ventesengros.fr\/it\/wp-json\/wp\/v2\/product_brand?post=3059"},{"taxonomy":"product_cat","embeddable":true,"href":"https:\/\/ventesengros.fr\/it\/wp-json\/wp\/v2\/product_cat?post=3059"},{"taxonomy":"product_tag","embeddable":true,"href":"https:\/\/ventesengros.fr\/it\/wp-json\/wp\/v2\/product_tag?post=3059"}],"curies":[{"name":"wp","href":"https:\/\/api.w.org\/{rel}","templated":true}]}}

<p><strong>Proprietà:</strong></p>
<p>Fin dall'antichità l'aglio è noto per favorire la crescita naturale dei capelli. L'aglio è una ricca fonte di minerali e vitamine, essenziali per il cuoio capelluto e per la salute dei capelli. È stato formulato scientificamente per produrre questa maschera.<br />
È una crema di trattamento che, insieme ad altri ingredienti, rafforza le ciocche di capelli per prevenirne la rottura.</p>
<div id=":9n.co" class="tL8wMe xAWnQc" dir="ltr"><b>Capacità :</b>500 ml</div>
<div class="tL8wMe xAWnQc" dir="ltr"><b>Nome del marchio:</b>  Vatika<br />
<b><b>Provenienza:</b></b>Marocco<b><b><br />
</b></b><b>Peso:</b>550g/pezzo</div>
