{"id":80999,"date":"2026-04-12T10:50:12","date_gmt":"2026-04-12T09:50:12","guid":{"rendered":"https:\/\/ventesengros.fr\/?post_type=product&#038;p=80999"},"modified":"2026-04-20T16:17:53","modified_gmt":"2026-04-20T15:17:53","slug":"sellou-marocain-en-gros","status":"publish","type":"product","link":"https:\/\/ventesengros.fr\/es\/grossiste\/sellou-marroqui-al-por-mayor\/","title":{"rendered":"Sellou marroqu\u00ed al por mayor - bolsa familiar de 1 kilo"},"content":{"rendered":"<p>\u00bfEst\u00e1 buscando un&nbsp;<strong>venta al por mayor sellou online<\/strong> \u00bfOfrecer a sus clientes una especialidad marroqu\u00ed reconocida y apreciada? Este <strong>aut\u00e9ntico sellou marroqu\u00ed<\/strong> El tama\u00f1o familiar de 1 kg se dirige a los profesionales que desean enriquecer su surtido con un producto tradicional, gourmet y listo para la reventa. Su elegante presentaci\u00f3n y su generoso tama\u00f1o lo convierten en una opci\u00f3n perfecta para tiendas de ultramarinos, revendedores, tiendas orientales y minoristas especializados.<\/p>\n<p>Como <strong>proveedor de aut\u00e9nticos sellou marroqu\u00edes<\/strong>, Presentamos una receta inspirada en el saber hacer tradicional, con una selecci\u00f3n de ingredientes emblem\u00e1ticos: <strong>harina de trigo tostada<\/strong>, <strong>almendras blanqueadas<\/strong>, <strong>semillas de s\u00e9samo tostadas<\/strong>, <strong>an\u00eds<\/strong>, <strong>goma ar\u00e1biga<\/strong>, <strong>canela<\/strong>, <strong>sal<\/strong>, <strong>az\u00facar glas\u00e9<\/strong> y <strong>mantequilla derretida<\/strong>. El resultado es una textura caracter\u00edstica de shortbread y un perfil de sabor t\u00edpico del sellou marroqu\u00ed.<\/p>\n<p>Para un <strong>compra al por mayor sellou<\/strong>, Este formato se adapta perfectamente a las necesidades de los profesionales que desean ofrecer un producto con una fuerte identidad cultural, especialmente apreciado en los lineales dedicados a las especialidades marroqu\u00edes y magreb\u00edes. Puede formar parte de una oferta estacional, festiva o permanente, en funci\u00f3n del posicionamiento de su tienda.<\/p>\n<p>Este producto tambi\u00e9n puede combinarse con otros productos b\u00e1sicos de charcuter\u00eda marroqu\u00ed para crear una gama coherente. Descubra tambi\u00e9n nuestra selecci\u00f3n dedicada a\u2019<a href=\"https:\/\/ventesengros.fr\/es\/product-category\/grossiste-amlou\/\">amlou a granel<\/a> para completar su cat\u00e1logo con otra referencia ic\u00f3nica muy buscada.<\/p>\n<h2>\u00bfPor qu\u00e9 ofrecer este sellou al por mayor?<\/h2>\n<p>Este sellou marroqu\u00ed seduce por su posicionamiento tradicional, su pr\u00e1ctico formato de 1 kg y su receta inspirada en las preparaciones tradicionales marroqu\u00edes. Para los profesionales, representa una referencia pertinente para desarrollar una oferta basada en la autenticidad, los manjares y las especialidades del terru\u00f1o marroqu\u00ed.<\/p>\n<section itemscope=\"\" itemtype=\"https:\/\/schema.org\/FAQPage\">\n<h2>Preguntas frecuentes sobre el sellou marroqu\u00ed al por mayor<\/h2>\n<div itemprop=\"mainEntity\" itemscope=\"\" itemtype=\"https:\/\/schema.org\/Question\">\n<h3 itemprop=\"name\">\u00bfEs posible comprar este sellou marroqu\u00ed al por mayor para revenderlo?<\/h3>\n<div itemprop=\"acceptedAnswer\" itemscope=\"\" itemtype=\"https:\/\/schema.org\/Answer\">\n<p itemprop=\"text\">S\u00ed, este producto es adecuado para profesionales que deseen comprar sellou al por mayor para revenderlo en una tienda, una tienda de comestibles orientales, un comercio especializado en alimentaci\u00f3n o una tienda en l\u00ednea.<\/p>\n<\/div>\n<\/div>\n<div itemprop=\"mainEntity\" itemscope=\"\" itemtype=\"https:\/\/schema.org\/Question\">\n<h3 itemprop=\"name\">\u00bfEste producto es adecuado para un mayorista de sellou en l\u00ednea?<\/h3>\n<div itemprop=\"acceptedAnswer\" itemscope=\"\" itemtype=\"https:\/\/schema.org\/Answer\">\n<p itemprop=\"text\">S\u00ed, esta referencia se dirige a los profesionales que desean trabajar con un mayorista de sellou en l\u00ednea y ofrecer a sus clientes un producto inspirado en la tradici\u00f3n marroqu\u00ed.<\/p>\n<\/div>\n<\/div>\n<div itemprop=\"mainEntity\" itemscope=\"\" itemtype=\"https:\/\/schema.org\/Question\">\n<h3 itemprop=\"name\">\u00bfCu\u00e1les son los ingredientes de este aut\u00e9ntico sellou marroqu\u00ed?<\/h3>\n<div itemprop=\"acceptedAnswer\" itemscope=\"\" itemtype=\"https:\/\/schema.org\/Answer\">\n<p itemprop=\"text\">La composici\u00f3n incluye harina de trigo tostada, almendras mondadas, semillas de s\u00e9samo tostadas, an\u00eds, goma ar\u00e1biga, canela, sal, az\u00facar glas y mantequilla derretida.<\/p>\n<\/div>\n<\/div>\n<div itemprop=\"mainEntity\" itemscope=\"\" itemtype=\"https:\/\/schema.org\/Question\">\n<h3 itemprop=\"name\">\u00bfPara qu\u00e9 tipo de negocio es adecuado este sellou mayorista?<\/h3>\n<div itemprop=\"acceptedAnswer\" itemscope=\"\" itemtype=\"https:\/\/schema.org\/Answer\">\n<p itemprop=\"text\">Este sellou al por mayor es adecuado para tiendas de comestibles, minoristas, tiendas orientales, tiendas especializadas y profesionales que deseen desarrollar una gama de especialidades marroqu\u00edes.<\/p>\n<\/div>\n<\/div>\n<div itemprop=\"mainEntity\" itemscope=\"\" itemtype=\"https:\/\/schema.org\/Question\">\n<h3 itemprop=\"name\">\u00bfEn qu\u00e9 formato se presenta este sellou marroqu\u00ed?<\/h3>\n<div itemprop=\"acceptedAnswer\" itemscope=\"\" itemtype=\"https:\/\/schema.org\/Answer\">\n<p itemprop=\"text\">El producto est\u00e1 disponible en un envase familiar de 1 kg, un formato pr\u00e1ctico para la venta y distribuci\u00f3n a profesionales.<\/p>\n<\/div>\n<\/div>\n<div itemprop=\"mainEntity\" itemscope=\"\" itemtype=\"https:\/\/schema.org\/Question\">\n<h3 itemprop=\"name\">\u00bfPuede a\u00f1adir otras especialidades marroqu\u00edes a su cat\u00e1logo?<\/h3>\n<div itemprop=\"acceptedAnswer\" itemscope=\"\" itemtype=\"https:\/\/schema.org\/Answer\">\n<p itemprop=\"text\">S\u00ed, es posible completar esta oferta con otras referencias complementarias como el amlou, para construir una gama coherente en torno a los productos tradicionales marroqu\u00edes.<\/p>\n<\/div>\n<\/div>\n<\/section>","protected":false},"excerpt":{"rendered":"<p><strong>Ingredientes del sellou marroqu\u00ed :<\/strong><\/p>\n<ul>\n<li>Harina de trigo tostada<\/li>\n<li>Almendras sin c\u00e1scara<\/li>\n<li>Semillas de s\u00e9samo tostadas<\/li>\n<li>An\u00eds<\/li>\n<li>Goma ar\u00e1biga<\/li>\n<li>Canela<\/li>\n<li>Sal<\/li>\n<li>Az\u00facar glas<\/li>\n<li>Mantequilla derretida<\/li>\n<\/ul>\n<p>Foto no contractual<\/p>","protected":false},"featured_media":81000,"template":"","meta":[],"product_brand":[],"product_cat":[206,1571],"product_tag":[],"class_list":{"0":"post-80999","1":"product","2":"type-product","3":"status-publish","4":"has-post-thumbnail","6":"product_cat-alimentation","7":"product_cat-grossiste-produits-nabaty","9":"first","10":"instock","11":"shipping-taxable","12":"purchasable","13":"product-type-simple"},"_links":{"self":[{"href":"https:\/\/ventesengros.fr\/es\/wp-json\/wp\/v2\/product\/80999","targetHints":{"allow":["GET"]}}],"collection":[{"href":"https:\/\/ventesengros.fr\/es\/wp-json\/wp\/v2\/product"}],"about":[{"href":"https:\/\/ventesengros.fr\/es\/wp-json\/wp\/v2\/types\/product"}],"wp:featuredmedia":[{"embeddable":true,"href":"https:\/\/ventesengros.fr\/es\/wp-json\/wp\/v2\/media\/81000"}],"wp:attachment":[{"href":"https:\/\/ventesengros.fr\/es\/wp-json\/wp\/v2\/media?parent=80999"}],"wp:term":[{"taxonomy":"product_brand","embeddable":true,"href":"https:\/\/ventesengros.fr\/es\/wp-json\/wp\/v2\/product_brand?post=80999"},{"taxonomy":"product_cat","embeddable":true,"href":"https:\/\/ventesengros.fr\/es\/wp-json\/wp\/v2\/product_cat?post=80999"},{"taxonomy":"product_tag","embeddable":true,"href":"https:\/\/ventesengros.fr\/es\/wp-json\/wp\/v2\/product_tag?post=80999"}],"curies":[{"name":"wp","href":"https:\/\/api.w.org\/{rel}","templated":true}]}}

Sellou marroquí al por mayor - bolsa familiar de 1 kilo

<p>¿Está buscando un&nbsp;<strong>venta al por mayor sellou online</strong> ¿Ofrecer a sus clientes una especialidad marroquí reconocida y apreciada? Este <strong>auténtico sellou marroquí</strong> El tamaño familiar de 1 kg se dirige a los profesionales que desean enriquecer su surtido con un producto tradicional, gourmet y listo para la reventa. Su elegante presentación y su generoso tamaño lo convierten en una opción perfecta para tiendas de ultramarinos, revendedores, tiendas orientales y minoristas especializados.</p>
<p>Como <strong>proveedor de auténticos sellou marroquíes</strong>, Presentamos una receta inspirada en el saber hacer tradicional, con una selección de ingredientes emblemáticos: <strong>harina de trigo tostada</strong>, <strong>almendras blanqueadas</strong>, <strong>semillas de sésamo tostadas</strong>, <strong>anís</strong>, <strong>goma arábiga</strong>, <strong>canela</strong>, <strong>sal</strong>, <strong>azúcar glasé</strong> y <strong>mantequilla derretida</strong>. El resultado es una textura característica de shortbread y un perfil de sabor típico del sellou marroquí.</p>
<p>Para un <strong>compra al por mayor sellou</strong>, Este formato se adapta perfectamente a las necesidades de los profesionales que desean ofrecer un producto con una fuerte identidad cultural, especialmente apreciado en los lineales dedicados a las especialidades marroquíes y magrebíes. Puede formar parte de una oferta estacional, festiva o permanente, en función del posicionamiento de su tienda.</p>
<p>Este producto también puede combinarse con otros productos básicos de charcutería marroquí para crear una gama coherente. Descubra también nuestra selección dedicada a’<a href="https://ventesengros.fr/es/product-category/grossiste-amlou/">amlou a granel</a> para completar su catálogo con otra referencia icónica muy buscada.</p>
<h2>¿Por qué ofrecer este sellou al por mayor?</h2>
<p>Este sellou marroquí seduce por su posicionamiento tradicional, su práctico formato de 1 kg y su receta inspirada en las preparaciones tradicionales marroquíes. Para los profesionales, representa una referencia pertinente para desarrollar una oferta basada en la autenticidad, los manjares y las especialidades del terruño marroquí.</p>
<section itemscope="" itemtype="https://schema.org/FAQPage">
<h2>Preguntas frecuentes sobre el sellou marroquí al por mayor</h2>
<div itemprop="mainEntity" itemscope="" itemtype="https://schema.org/Question">
<h3 itemprop="name">¿Es posible comprar este sellou marroquí al por mayor para revenderlo?</h3>
<div itemprop="acceptedAnswer" itemscope="" itemtype="https://schema.org/Answer">
<p itemprop="text">Sí, este producto es adecuado para profesionales que deseen comprar sellou al por mayor para revenderlo en una tienda, una tienda de comestibles orientales, un comercio especializado en alimentación o una tienda en línea.</p>
</div>
</div>
<div itemprop="mainEntity" itemscope="" itemtype="https://schema.org/Question">
<h3 itemprop="name">¿Este producto es adecuado para un mayorista de sellou en línea?</h3>
<div itemprop="acceptedAnswer" itemscope="" itemtype="https://schema.org/Answer">
<p itemprop="text">Sí, esta referencia se dirige a los profesionales que desean trabajar con un mayorista de sellou en línea y ofrecer a sus clientes un producto inspirado en la tradición marroquí.</p>
</div>
</div>
<div itemprop="mainEntity" itemscope="" itemtype="https://schema.org/Question">
<h3 itemprop="name">¿Cuáles son los ingredientes de este auténtico sellou marroquí?</h3>
<div itemprop="acceptedAnswer" itemscope="" itemtype="https://schema.org/Answer">
<p itemprop="text">La composición incluye harina de trigo tostada, almendras mondadas, semillas de sésamo tostadas, anís, goma arábiga, canela, sal, azúcar glas y mantequilla derretida.</p>
</div>
</div>
<div itemprop="mainEntity" itemscope="" itemtype="https://schema.org/Question">
<h3 itemprop="name">¿Para qué tipo de negocio es adecuado este sellou mayorista?</h3>
<div itemprop="acceptedAnswer" itemscope="" itemtype="https://schema.org/Answer">
<p itemprop="text">Este sellou al por mayor es adecuado para tiendas de comestibles, minoristas, tiendas orientales, tiendas especializadas y profesionales que deseen desarrollar una gama de especialidades marroquíes.</p>
</div>
</div>
<div itemprop="mainEntity" itemscope="" itemtype="https://schema.org/Question">
<h3 itemprop="name">¿En qué formato se presenta este sellou marroquí?</h3>
<div itemprop="acceptedAnswer" itemscope="" itemtype="https://schema.org/Answer">
<p itemprop="text">El producto está disponible en un envase familiar de 1 kg, un formato práctico para la venta y distribución a profesionales.</p>
</div>
</div>
<div itemprop="mainEntity" itemscope="" itemtype="https://schema.org/Question">
<h3 itemprop="name">¿Puede añadir otras especialidades marroquíes a su catálogo?</h3>
<div itemprop="acceptedAnswer" itemscope="" itemtype="https://schema.org/Answer">
<p itemprop="text">Sí, es posible completar esta oferta con otras referencias complementarias como el amlou, para construir una gama coherente en torno a los productos tradicionales marroquíes.</p>
</div>
</div>
</section>

<p><strong>Ingredientes del sellou marroquí :</strong></p>
<ul>
<li>Harina de trigo tostada</li>
<li>Almendras sin cáscara</li>
<li>Semillas de sésamo tostadas</li>
<li>Anís</li>
<li>Goma arábiga</li>
<li>Canela</li>
<li>Sal</li>
<li>Azúcar glas</li>
<li>Mantequilla derretida</li>
</ul>
<p>Foto no contractual</p>
